Last updated on 2024-06-30 00:59:08 CEST.
Flavor | Version | Tinstall | Tcheck | Ttotal | Status | Flags |
---|---|---|---|---|---|---|
r-devel-linux-x86_64-debian-clang | 1.9.0 | 123.62 | 287.56 | 411.18 | OK | |
r-devel-linux-x86_64-debian-gcc | 1.9.0 | 77.89 | 189.89 | 267.78 | OK | |
r-devel-linux-x86_64-fedora-clang | 1.9.0 | 525.05 | OK | |||
r-devel-linux-x86_64-fedora-gcc | 1.9.0 | 540.51 | OK | |||
r-devel-windows-x86_64 | 1.9.0 | 89.00 | 273.00 | 362.00 | OK | |
r-patched-linux-x86_64 | 1.9.0 | 100.71 | 259.24 | 359.95 | OK | |
r-release-linux-x86_64 | 1.9.0 | 102.25 | 265.12 | 367.37 | OK | |
r-release-macos-arm64 | 1.9.0 | 111.00 | NOTE | |||
r-release-macos-x86_64 | 1.9.0 | 193.00 | NOTE | |||
r-release-windows-x86_64 | 1.9.0 | 85.00 | 275.00 | 360.00 | OK | |
r-oldrel-macos-arm64 | 1.9.0 | 116.00 | NOTE | |||
r-oldrel-macos-x86_64 | 1.9.0 | 358.00 | NOTE | |||
r-oldrel-windows-x86_64 | 1.9.0 | 105.00 | 406.00 | 511.00 | OK |
Version: 1.9.0
Check: installed package size
Result: NOTE
installed size is 7.5Mb
sub-directories of 1Mb or more:
doc 1.7Mb
libs 5.5Mb
Flavors: r-release-macos-arm64, r-release-macos-x86_64, r-oldrel-macos-arm64, r-oldrel-macos-x86_64