Last updated on 2024-06-30 00:59:08 CEST.
Flavor | Version | Tinstall | Tcheck | Ttotal | Status | Flags |
---|---|---|---|---|---|---|
r-devel-linux-x86_64-debian-clang | 0.3.3 | 71.05 | 78.74 | 149.79 | NOTE | |
r-devel-linux-x86_64-debian-gcc | 0.3.3 | 55.63 | 58.99 | 114.62 | NOTE | |
r-devel-linux-x86_64-fedora-clang | 0.3.3 | 206.23 | NOTE | |||
r-devel-linux-x86_64-fedora-gcc | 0.3.3 | 218.40 | NOTE | |||
r-devel-windows-x86_64 | 0.3.3 | 60.00 | 94.00 | 154.00 | NOTE | |
r-patched-linux-x86_64 | 0.3.3 | 66.51 | 80.30 | 146.81 | NOTE | |
r-release-linux-x86_64 | 0.3.3 | 65.44 | 78.54 | 143.98 | NOTE | |
r-release-macos-arm64 | 0.3.3 | 50.00 | NOTE | |||
r-release-macos-x86_64 | 0.3.3 | 69.00 | NOTE | |||
r-release-windows-x86_64 | 0.3.3 | 58.00 | 93.00 | 151.00 | NOTE | |
r-oldrel-macos-arm64 | 0.3.3 | 59.00 | NOTE | |||
r-oldrel-macos-x86_64 | 0.3.3 | 96.00 | NOTE | |||
r-oldrel-windows-x86_64 | 0.3.3 | 72.00 | 116.00 | 188.00 | NOTE |
Version: 0.3.3
Check: C++ specification
Result: NOTE
Specified C++11: please drop specification unless essential
Flavors: r-devel-linux-x86_64-debian-clang, r-devel-linux-x86_64-debian-gcc, r-devel-linux-x86_64-fedora-clang, r-devel-linux-x86_64-fedora-gcc, r-devel-windows-x86_64, r-patched-linux-x86_64, r-release-linux-x86_64, r-release-macos-arm64, r-release-macos-x86_64, r-release-windows-x86_64, r-oldrel-macos-arm64, r-oldrel-macos-x86_64, r-oldrel-windows-x86_64
Version: 0.3.3
Check: installed package size
Result: NOTE
installed size is 5.8Mb
sub-directories of 1Mb or more:
libs 5.6Mb
Flavors: r-release-macos-arm64, r-release-macos-x86_64, r-oldrel-macos-arm64, r-oldrel-macos-x86_64