Last updated on 2024-06-30 00:59:08 CEST.
Flavor | Version | Tinstall | Tcheck | Ttotal | Status | Flags |
---|---|---|---|---|---|---|
r-devel-linux-x86_64-debian-clang | 2.3-3 | 78.45 | 437.60 | 516.05 | OK | |
r-devel-linux-x86_64-debian-gcc | 2.3-3 | 71.33 | 317.88 | 389.21 | OK | |
r-devel-linux-x86_64-fedora-clang | 2.3-3 | 721.13 | NOTE | |||
r-devel-linux-x86_64-fedora-gcc | 2.3-3 | 621.12 | OK | |||
r-devel-windows-x86_64 | 2.3-3 | 61.00 | 320.00 | 381.00 | OK | |
r-patched-linux-x86_64 | 2.3-3 | 88.25 | 397.72 | 485.97 | OK | |
r-release-linux-x86_64 | 2.3-3 | 79.98 | 434.38 | 514.36 | OK | |
r-release-macos-arm64 | 2.3-3 | 142.00 | OK | |||
r-release-macos-x86_64 | 2.3-3 | 241.00 | OK | |||
r-release-windows-x86_64 | 2.3-3 | 63.00 | 323.00 | 386.00 | OK | |
r-oldrel-macos-arm64 | 2.3-3 | 150.00 | OK | |||
r-oldrel-macos-x86_64 | 2.3-3 | 383.00 | OK | |||
r-oldrel-windows-x86_64 | 2.3-3 | 86.00 | 410.00 | 496.00 | OK |
Version: 2.3-3
Check: Rd cross-references
Result: NOTE
Undeclared packages ‘multcomp’, ‘gmodels’ in Rd xrefs
Flavor: r-devel-linux-x86_64-fedora-clang