Last updated on 2024-06-16 11:57:51 CEST.
Flavor | Version | Tinstall | Tcheck | Ttotal | Status | Flags |
---|---|---|---|---|---|---|
r-devel-linux-x86_64-debian-clang | 0.1.0 | 3.19 | 133.51 | 136.70 | NOTE | |
r-devel-linux-x86_64-debian-gcc | 0.1.0 | 2.04 | 114.86 | 116.90 | NOTE | |
r-devel-linux-x86_64-fedora-clang | 0.1.0 | 165.87 | NOTE | |||
r-devel-linux-x86_64-fedora-gcc | 0.1.0 | 188.58 | NOTE | |||
r-devel-windows-x86_64 | 0.1.0 | 3.00 | 123.00 | 126.00 | NOTE | |
r-patched-linux-x86_64 | 0.1.0 | 3.37 | 135.12 | 138.49 | NOTE | |
r-release-linux-x86_64 | 0.1.0 | 2.62 | 148.42 | 151.04 | NOTE | |
r-release-macos-arm64 | 0.1.0 | 54.00 | NOTE | |||
r-release-macos-x86_64 | 0.1.0 | 86.00 | NOTE | |||
r-release-windows-x86_64 | 0.1.0 | 4.00 | 134.00 | 138.00 | NOTE | |
r-oldrel-macos-arm64 | 0.1.0 | 56.00 | OK | |||
r-oldrel-macos-x86_64 | 0.1.0 | 99.00 | OK | |||
r-oldrel-windows-x86_64 | 0.1.0 | 4.00 | 192.00 | 196.00 | OK |
Version: 0.1.0
Check: Rd files
Result: NOTE
checkRd: (-1) simulation_dgp.Rd:14: Lost braces; missing escapes or markup?
14 | \item{x_discrete}{TRUE if the distribution of the covariate is uniform on {-3.0, -2.9, ..., 3.0} and
| ^
checkRd: (-1) simulation_dgp.Rd:23: Lost braces
23 | \item{att_oracle}{the sample analog of E[D{Y(1) - Y(0)}|D=1]}
| ^
Flavors: r-devel-linux-x86_64-debian-clang, r-devel-linux-x86_64-debian-gcc, r-devel-linux-x86_64-fedora-clang, r-devel-linux-x86_64-fedora-gcc, r-devel-windows-x86_64, r-patched-linux-x86_64, r-release-linux-x86_64, r-release-macos-arm64, r-release-macos-x86_64, r-release-windows-x86_64