Last updated on 2024-06-30 00:59:09 CEST.
Flavor | Version | Tinstall | Tcheck | Ttotal | Status | Flags |
---|---|---|---|---|---|---|
r-devel-linux-x86_64-debian-clang | 0.1.0 | 2.43 | 20.37 | 22.80 | OK | |
r-devel-linux-x86_64-debian-gcc | 0.1.0 | 1.66 | 15.93 | 17.59 | OK | |
r-devel-linux-x86_64-fedora-clang | 0.1.0 | 28.91 | NOTE | |||
r-devel-linux-x86_64-fedora-gcc | 0.1.0 | 27.30 | NOTE | |||
r-devel-windows-x86_64 | 0.1.0 | 4.00 | 38.00 | 42.00 | OK | |
r-patched-linux-x86_64 | 0.1.0 | 2.28 | 20.02 | 22.30 | OK | |
r-release-linux-x86_64 | 0.1.0 | 1.51 | 19.45 | 20.96 | OK | |
r-release-macos-arm64 | 0.1.0 | 17.00 | OK | |||
r-release-macos-x86_64 | 0.1.0 | 24.00 | OK | |||
r-release-windows-x86_64 | 0.1.0 | 3.00 | 37.00 | 40.00 | OK | |
r-oldrel-macos-arm64 | 0.1.0 | 14.00 | OK | |||
r-oldrel-macos-x86_64 | 0.1.0 | 18.00 | OK | |||
r-oldrel-windows-x86_64 | 0.1.0 | 4.00 | 38.00 | 42.00 | OK |
Version: 0.1.0
Check: dependencies in R code
Result: NOTE
Namespace in Imports field not imported from: ‘Hmisc’
All declared Imports should be used.
Flavors: r-devel-linux-x86_64-fedora-clang, r-devel-linux-x86_64-fedora-gcc