Last updated on 2024-06-30 00:59:09 CEST.
Flavor | Version | Tinstall | Tcheck | Ttotal | Status | Flags |
---|---|---|---|---|---|---|
r-devel-linux-x86_64-debian-clang | 2.9.9 | 192.04 | 181.63 | 373.67 | OK | |
r-devel-linux-x86_64-debian-gcc | 2.9.9 | 123.88 | 129.80 | 253.68 | OK | |
r-devel-linux-x86_64-fedora-clang | 2.9.9 | 520.42 | OK | |||
r-devel-linux-x86_64-fedora-gcc | 2.9.9 | 545.94 | OK | |||
r-devel-windows-x86_64 | 2.9.9 | 137.00 | 175.00 | 312.00 | NOTE | |
r-patched-linux-x86_64 | 2.9.9 | 148.32 | 173.71 | 322.03 | OK | |
r-release-linux-x86_64 | 2.9.9 | 152.48 | 172.82 | 325.30 | OK | |
r-release-macos-arm64 | 2.9.9 | 125.00 | NOTE | |||
r-release-macos-x86_64 | 2.9.9 | 213.00 | NOTE | |||
r-release-windows-x86_64 | 2.9.9 | 132.00 | 172.00 | 304.00 | NOTE | |
r-oldrel-macos-arm64 | 2.9.9 | 148.00 | NOTE | |||
r-oldrel-macos-x86_64 | 2.9.9 | 200.00 | NOTE | |||
r-oldrel-windows-x86_64 | 2.9.9 | 171.00 | 205.00 | 376.00 | NOTE |
Version: 2.9.9
Check: installed package size
Result: NOTE
installed size is 5.9Mb
sub-directories of 1Mb or more:
data 3.1Mb
libs 1.3Mb
Flavors: r-devel-windows-x86_64, r-release-macos-arm64, r-release-macos-x86_64, r-release-windows-x86_64, r-oldrel-macos-arm64, r-oldrel-macos-x86_64, r-oldrel-windows-x86_64