Last updated on 2024-06-29 11:49:07 CEST.
Flavor | Version | Tinstall | Tcheck | Ttotal | Status | Flags |
---|---|---|---|---|---|---|
r-devel-linux-x86_64-debian-clang | 1.3.2 | 51.76 | 424.01 | 475.77 | OK | |
r-devel-linux-x86_64-debian-gcc | 1.3.2 | 41.23 | 292.86 | 334.09 | OK | |
r-devel-linux-x86_64-fedora-clang | 1.3.2 | 565.24 | NOTE | |||
r-devel-linux-x86_64-fedora-gcc | 1.3.2 | 546.51 | NOTE | |||
r-devel-windows-x86_64 | 1.3.2 | 36.00 | 255.00 | 291.00 | OK | |
r-patched-linux-x86_64 | 1.3.2 | 46.47 | 394.36 | 440.83 | OK | |
r-release-linux-x86_64 | 1.3.2 | 36.02 | 395.68 | 431.70 | OK | |
r-release-macos-arm64 | 1.3.2 | 128.00 | OK | |||
r-release-macos-x86_64 | 1.3.2 | 341.00 | OK | |||
r-release-windows-x86_64 | 1.3.2 | 36.00 | 258.00 | 294.00 | OK | |
r-oldrel-macos-arm64 | 1.3.2 | 120.00 | OK | |||
r-oldrel-macos-x86_64 | 1.3.2 | 304.00 | OK | |||
r-oldrel-windows-x86_64 | 1.3.2 | 53.00 | 350.00 | 403.00 | OK |
Version: 1.3.2
Check: data for non-ASCII characters
Result: NOTE
Note: found 493 marked UTF-8 strings
Flavors: r-devel-linux-x86_64-fedora-clang, r-devel-linux-x86_64-fedora-gcc