Last updated on 2024-06-30 00:59:09 CEST.
Flavor | Version | Tinstall | Tcheck | Ttotal | Status | Flags |
---|---|---|---|---|---|---|
r-devel-linux-x86_64-debian-clang | 0.1.3 | 46.24 | 90.54 | 136.78 | NOTE | |
r-devel-linux-x86_64-debian-gcc | 0.1.3 | 33.84 | 67.34 | 101.18 | NOTE | |
r-devel-linux-x86_64-fedora-clang | 0.1.3 | 184.56 | NOTE | |||
r-devel-linux-x86_64-fedora-gcc | 0.1.3 | 289.15 | NOTE | |||
r-devel-windows-x86_64 | 0.1.3 | 38.00 | 95.00 | 133.00 | NOTE | |
r-patched-linux-x86_64 | 0.1.3 | 39.93 | 88.56 | 128.49 | NOTE | |
r-release-linux-x86_64 | 0.1.3 | 39.27 | 88.43 | 127.70 | NOTE | |
r-release-macos-arm64 | 0.1.3 | 82.00 | NOTE | |||
r-release-macos-x86_64 | 0.1.3 | 177.00 | NOTE | |||
r-release-windows-x86_64 | 0.1.3 | 38.00 | 96.00 | 134.00 | NOTE | |
r-oldrel-macos-arm64 | 0.1.3 | 84.00 | NOTE | |||
r-oldrel-macos-x86_64 | 0.1.3 | 138.00 | NOTE | |||
r-oldrel-windows-x86_64 | 0.1.3 | 48.00 | 119.00 | 167.00 | NOTE |
Version: 0.1.3
Check: C++ specification
Result: NOTE
Specified C++11: please drop specification unless essential
Flavors: r-devel-linux-x86_64-debian-clang, r-devel-linux-x86_64-debian-gcc, r-devel-linux-x86_64-fedora-clang, r-devel-linux-x86_64-fedora-gcc, r-devel-windows-x86_64, r-patched-linux-x86_64, r-release-linux-x86_64, r-release-macos-arm64, r-release-macos-x86_64, r-release-windows-x86_64, r-oldrel-macos-arm64, r-oldrel-macos-x86_64, r-oldrel-windows-x86_64