Last updated on 2024-06-16 11:57:52 CEST.
Flavor | Version | Tinstall | Tcheck | Ttotal | Status | Flags |
---|---|---|---|---|---|---|
r-devel-linux-x86_64-debian-clang | 0.5.2 | 3.45 | 94.08 | 97.53 | OK | |
r-devel-linux-x86_64-debian-gcc | 0.5.2 | 2.35 | 64.19 | 66.54 | OK | |
r-devel-linux-x86_64-fedora-clang | 0.5.2 | 114.70 | NOTE | |||
r-devel-linux-x86_64-fedora-gcc | 0.5.2 | 121.46 | NOTE | |||
r-devel-windows-x86_64 | 0.5.2 | 4.00 | 75.00 | 79.00 | OK | |
r-patched-linux-x86_64 | 0.5.2 | 3.59 | 87.86 | 91.45 | OK | |
r-release-linux-x86_64 | 0.5.2 | 3.20 | 86.91 | 90.11 | OK | |
r-release-macos-arm64 | 0.5.2 | 34.00 | OK | |||
r-release-macos-x86_64 | 0.5.2 | 84.00 | OK | |||
r-release-windows-x86_64 | 0.5.2 | 4.00 | 82.00 | 86.00 | OK | |
r-oldrel-macos-arm64 | 0.5.2 | 42.00 | OK | |||
r-oldrel-macos-x86_64 | 0.5.2 | 59.00 | OK | |||
r-oldrel-windows-x86_64 | 0.5.2 | 5.00 | 89.00 | 94.00 | OK |
Version: 0.5.2
Check: dependencies in R code
Result: NOTE
Namespace in Imports field not imported from: ‘compiler’
All declared Imports should be used.
Flavors: r-devel-linux-x86_64-fedora-clang, r-devel-linux-x86_64-fedora-gcc