Last updated on 2024-06-16 11:57:52 CEST.
Flavor | Version | Tinstall | Tcheck | Ttotal | Status | Flags |
---|---|---|---|---|---|---|
r-devel-linux-x86_64-debian-clang | 0.1.1 | 33.38 | 107.50 | 140.88 | OK | |
r-devel-linux-x86_64-debian-gcc | 0.1.1 | 20.17 | 81.26 | 101.43 | OK | |
r-devel-linux-x86_64-fedora-clang | 0.1.1 | 171.51 | NOTE | |||
r-devel-linux-x86_64-fedora-gcc | 0.1.1 | 172.51 | NOTE | |||
r-devel-windows-x86_64 | 0.1.1 | 22.00 | 98.00 | 120.00 | OK | |
r-patched-linux-x86_64 | 0.1.1 | 28.82 | 101.47 | 130.29 | OK | |
r-release-linux-x86_64 | 0.1.1 | 16.60 | 101.92 | 118.52 | OK | |
r-release-macos-arm64 | 0.1.1 | 60.00 | OK | |||
r-release-macos-x86_64 | 0.1.1 | 109.00 | OK | |||
r-release-windows-x86_64 | 0.1.1 | 24.00 | 104.00 | 128.00 | OK | |
r-oldrel-macos-arm64 | 0.1.1 | 57.00 | OK | |||
r-oldrel-macos-x86_64 | 0.1.1 | 114.00 | OK | |||
r-oldrel-windows-x86_64 | 0.1.1 | 31.00 | 118.00 | 149.00 | OK |
Version: 0.1.1
Check: data for non-ASCII characters
Result: NOTE
Note: found 516 marked UTF-8 strings
Flavors: r-devel-linux-x86_64-fedora-clang, r-devel-linux-x86_64-fedora-gcc