Last updated on 2024-06-30 00:59:10 CEST.
Flavor | Version | Tinstall | Tcheck | Ttotal | Status | Flags |
---|---|---|---|---|---|---|
r-devel-linux-x86_64-debian-clang | 0.1.1 | 9.13 | 102.40 | 111.53 | NOTE | |
r-devel-linux-x86_64-debian-gcc | 0.1.1 | 7.74 | 74.50 | 82.24 | NOTE | |
r-devel-linux-x86_64-fedora-clang | 0.1.1 | 135.50 | NOTE | |||
r-devel-linux-x86_64-fedora-gcc | 0.1.1 | 145.49 | NOTE | |||
r-devel-windows-x86_64 | 0.1.1 | 9.00 | 85.00 | 94.00 | NOTE | |
r-patched-linux-x86_64 | 0.1.1 | 9.78 | 94.95 | 104.73 | NOTE | |
r-release-linux-x86_64 | 0.1.1 | 8.69 | 97.44 | 106.13 | NOTE | |
r-release-macos-arm64 | 0.1.1 | 46.00 | NOTE | |||
r-release-macos-x86_64 | 0.1.1 | 87.00 | NOTE | |||
r-release-windows-x86_64 | 0.1.1 | 9.00 | 85.00 | 94.00 | NOTE | |
r-oldrel-macos-arm64 | 0.1.1 | 52.00 | NOTE | |||
r-oldrel-macos-x86_64 | 0.1.1 | 77.00 | NOTE | |||
r-oldrel-windows-x86_64 | 0.1.1 | 12.00 | 103.00 | 115.00 | NOTE |
Version: 0.1.1
Check: LazyData
Result: NOTE
'LazyData' is specified without a 'data' directory
Flavors: r-devel-linux-x86_64-debian-clang, r-devel-linux-x86_64-debian-gcc, r-devel-linux-x86_64-fedora-clang, r-devel-linux-x86_64-fedora-gcc, r-devel-windows-x86_64, r-patched-linux-x86_64, r-release-linux-x86_64, r-release-macos-arm64, r-release-macos-x86_64, r-release-windows-x86_64, r-oldrel-macos-arm64, r-oldrel-macos-x86_64, r-oldrel-windows-x86_64