Last updated on 2024-08-16 09:49:01 CEST.
Flavor | Version | Tinstall | Tcheck | Ttotal | Status | Flags |
---|---|---|---|---|---|---|
r-devel-linux-x86_64-debian-clang | 1.0.4 | 5.56 | 65.86 | 71.42 | ERROR | |
r-devel-linux-x86_64-debian-gcc | 1.0.4 | 5.17 | 47.58 | 52.75 | ERROR | |
r-devel-linux-x86_64-fedora-clang | 1.0.4 | 117.30 | ERROR | |||
r-devel-linux-x86_64-fedora-gcc | 1.0.4 | 165.47 | NOTE | |||
r-devel-windows-x86_64 | 1.0.4 | 8.00 | 80.00 | 88.00 | ERROR | |
r-patched-linux-x86_64 | 1.0.4 | 7.87 | 61.58 | 69.45 | ERROR | |
r-release-linux-x86_64 | 1.0.4 | 6.94 | 62.12 | 69.06 | ERROR | |
r-release-macos-arm64 | 1.0.4 | 50.00 | NOTE | |||
r-release-macos-x86_64 | 1.0.4 | 76.00 | NOTE | |||
r-release-windows-x86_64 | 1.0.4 | 9.00 | 91.00 | 100.00 | ERROR | |
r-oldrel-macos-arm64 | 1.0.4 | 56.00 | NOTE | |||
r-oldrel-macos-x86_64 | 1.0.4 | 126.00 | NOTE | |||
r-oldrel-windows-x86_64 | 1.0.4 | 9.00 | 98.00 | 107.00 | ERROR |
Version: 1.0.4
Check: package dependencies
Result: NOTE
Packages suggested but not available for checking: 'cplexAPI', 'bestsubset'
Flavors: r-devel-linux-x86_64-debian-clang, r-devel-linux-x86_64-debian-gcc, r-devel-linux-x86_64-fedora-clang, r-devel-linux-x86_64-fedora-gcc, r-devel-windows-x86_64, r-patched-linux-x86_64, r-release-linux-x86_64, r-release-macos-arm64, r-release-macos-x86_64, r-release-windows-x86_64, r-oldrel-macos-arm64, r-oldrel-macos-x86_64, r-oldrel-windows-x86_64
Version: 1.0.4
Check: re-building of vignette outputs
Result: ERROR
Error(s) in re-building vignettes:
...
--- re-building ‘BOSO.Rmd’ using rmarkdown
Quitting from lines 56-79 [unnamed-chunk-3] (BOSO.Rmd)
Error: processing vignette 'BOSO.Rmd' failed with diagnostics:
[ENOENT] Failed to remove '/home/hornik/tmp/scratch/RtmpubofKR/file29122e6964ed15': no such file or directory
--- failed re-building ‘BOSO.Rmd’
SUMMARY: processing the following file failed:
‘BOSO.Rmd’
Error: Vignette re-building failed.
Execution halted
Flavor: r-devel-linux-x86_64-debian-clang
Version: 1.0.4
Check: re-building of vignette outputs
Result: ERROR
Error(s) in re-building vignettes:
...
--- re-building ‘BOSO.Rmd’ using rmarkdown
Quitting from lines 56-79 [unnamed-chunk-3] (BOSO.Rmd)
Error: processing vignette 'BOSO.Rmd' failed with diagnostics:
[ENOENT] Failed to remove '/tmp/RtmpMuBYfG/file59b16203df4a': no such file or directory
--- failed re-building ‘BOSO.Rmd’
SUMMARY: processing the following file failed:
‘BOSO.Rmd’
Error: Vignette re-building failed.
Execution halted
Flavor: r-devel-linux-x86_64-debian-gcc
Version: 1.0.4
Check: re-building of vignette outputs
Result: ERROR
Error(s) in re-building vignettes:
--- re-building ‘BOSO.Rmd’ using rmarkdown
Quitting from lines 56-79 [unnamed-chunk-3] (BOSO.Rmd)
Error: processing vignette 'BOSO.Rmd' failed with diagnostics:
[ENOENT] Failed to remove '/tmp/Rtmpx08zgY/working_dir/RtmpRAX2fJ/file122e0723722578': no such file or directory
--- failed re-building ‘BOSO.Rmd’
SUMMARY: processing the following file failed:
‘BOSO.Rmd’
Error: Vignette re-building failed.
Execution halted
Flavor: r-devel-linux-x86_64-fedora-clang
Version: 1.0.4
Check: re-building of vignette outputs
Result: ERROR
Error(s) in re-building vignettes:
--- re-building 'BOSO.Rmd' using rmarkdown
Quitting from lines 56-79 [unnamed-chunk-3] (BOSO.Rmd)
Error: processing vignette 'BOSO.Rmd' failed with diagnostics:
[ENOENT] Failed to remove 'D:/temp/RtmpEfs69L/file3187c63a5ef1': no such file or directory
--- failed re-building 'BOSO.Rmd'
SUMMARY: processing the following file failed:
'BOSO.Rmd'
Error: Vignette re-building failed.
Execution halted
Flavor: r-devel-windows-x86_64
Version: 1.0.4
Check: re-building of vignette outputs
Result: ERROR
Error(s) in re-building vignettes:
...
--- re-building ‘BOSO.Rmd’ using rmarkdown
Quitting from lines 56-79 [unnamed-chunk-3] (BOSO.Rmd)
Error: processing vignette 'BOSO.Rmd' failed with diagnostics:
[ENOENT] Failed to remove '/home/hornik/tmp/scratch/RtmpElIVvB/file24cb11604800e9': no such file or directory
--- failed re-building ‘BOSO.Rmd’
SUMMARY: processing the following file failed:
‘BOSO.Rmd’
Error: Vignette re-building failed.
Execution halted
Flavor: r-patched-linux-x86_64
Version: 1.0.4
Check: re-building of vignette outputs
Result: ERROR
Error(s) in re-building vignettes:
...
--- re-building ‘BOSO.Rmd’ using rmarkdown
Quitting from lines 56-79 [unnamed-chunk-3] (BOSO.Rmd)
Error: processing vignette 'BOSO.Rmd' failed with diagnostics:
[ENOENT] Failed to remove '/home/hornik/tmp/scratch/RtmpOwHQYe/file26e9c623344c3a': no such file or directory
--- failed re-building ‘BOSO.Rmd’
SUMMARY: processing the following file failed:
‘BOSO.Rmd’
Error: Vignette re-building failed.
Execution halted
Flavor: r-release-linux-x86_64
Version: 1.0.4
Check: re-building of vignette outputs
Result: ERROR
Error(s) in re-building vignettes:
--- re-building 'BOSO.Rmd' using rmarkdown
Quitting from lines 56-79 [unnamed-chunk-3] (BOSO.Rmd)
Error: processing vignette 'BOSO.Rmd' failed with diagnostics:
[ENOENT] Failed to remove 'D:/temp/Rtmpwpk9IC/file3e187b82f93': no such file or directory
--- failed re-building 'BOSO.Rmd'
SUMMARY: processing the following file failed:
'BOSO.Rmd'
Error: Vignette re-building failed.
Execution halted
Flavor: r-release-windows-x86_64
Version: 1.0.4
Check: re-building of vignette outputs
Result: ERROR
Error(s) in re-building vignettes:
--- re-building 'BOSO.Rmd' using rmarkdown
Quitting from lines 56-79 [unnamed-chunk-3] (BOSO.Rmd)
Error: processing vignette 'BOSO.Rmd' failed with diagnostics:
[ENOENT] Failed to remove 'D:/temp/RtmpOAhfLU/file3338b9177df': no such file or directory
--- failed re-building 'BOSO.Rmd'
SUMMARY: processing the following file failed:
'BOSO.Rmd'
Error: Vignette re-building failed.
Execution halted
Flavor: r-oldrel-windows-x86_64