Last updated on 2024-06-30 00:59:10 CEST.
Flavor | Version | Tinstall | Tcheck | Ttotal | Status | Flags |
---|---|---|---|---|---|---|
r-devel-linux-x86_64-debian-clang | 0.1.1 | 5.73 | 75.85 | 81.58 | NOTE | |
r-devel-linux-x86_64-debian-gcc | 0.1.1 | 6.21 | 57.26 | 63.47 | NOTE | |
r-devel-linux-x86_64-fedora-clang | 0.1.1 | 104.47 | NOTE | |||
r-devel-linux-x86_64-fedora-gcc | 0.1.1 | 114.86 | NOTE | |||
r-devel-windows-x86_64 | 0.1.1 | 7.00 | 71.00 | 78.00 | NOTE | |
r-patched-linux-x86_64 | 0.1.1 | 7.08 | 71.84 | 78.92 | NOTE | |
r-release-linux-x86_64 | 0.1.1 | 6.45 | 74.04 | 80.49 | NOTE | |
r-release-macos-arm64 | 0.1.1 | 39.00 | NOTE | |||
r-release-macos-x86_64 | 0.1.1 | 66.00 | NOTE | |||
r-release-windows-x86_64 | 0.1.1 | 7.00 | 71.00 | 78.00 | NOTE | |
r-oldrel-macos-arm64 | 0.1.1 | 40.00 | NOTE | |||
r-oldrel-macos-x86_64 | 0.1.1 | 61.00 | NOTE | |||
r-oldrel-windows-x86_64 | 0.1.1 | 7.00 | 82.00 | 89.00 | NOTE |
Version: 0.1.1
Check: LazyData
Result: NOTE
'LazyData' is specified without a 'data' directory
Flavors: r-devel-linux-x86_64-debian-clang, r-devel-linux-x86_64-debian-gcc, r-devel-linux-x86_64-fedora-clang, r-devel-linux-x86_64-fedora-gcc, r-devel-windows-x86_64, r-patched-linux-x86_64, r-release-linux-x86_64, r-release-macos-arm64, r-release-macos-x86_64, r-release-windows-x86_64, r-oldrel-macos-arm64, r-oldrel-macos-x86_64, r-oldrel-windows-x86_64