Last updated on 2024-06-30 00:59:10 CEST.
Flavor | Version | Tinstall | Tcheck | Ttotal | Status | Flags |
---|---|---|---|---|---|---|
r-devel-linux-x86_64-debian-clang | 1.2.0 | 31.98 | 363.92 | 395.90 | NOTE | |
r-devel-linux-x86_64-debian-gcc | 1.2.0 | 22.54 | 282.54 | 305.08 | NOTE | |
r-devel-linux-x86_64-fedora-clang | 1.2.0 | 576.49 | NOTE | |||
r-devel-linux-x86_64-fedora-gcc | 1.2.0 | 519.00 | NOTE | |||
r-devel-windows-x86_64 | 1.2.0 | 30.00 | 228.00 | 258.00 | NOTE | --no-vignettes |
r-patched-linux-x86_64 | 1.2.0 | 39.73 | 382.12 | 421.85 | NOTE | |
r-release-linux-x86_64 | 1.2.0 | 27.50 | 388.86 | 416.36 | NOTE | |
r-release-macos-arm64 | 1.2.0 | 148.00 | NOTE | |||
r-release-macos-x86_64 | 1.2.0 | 336.00 | NOTE | |||
r-release-windows-x86_64 | 1.2.0 | 28.00 | 232.00 | 260.00 | NOTE | --no-vignettes |
r-oldrel-macos-arm64 | 1.2.0 | 140.00 | OK | |||
r-oldrel-macos-x86_64 | 1.2.0 | 224.00 | NOTE | |||
r-oldrel-windows-x86_64 | 1.2.0 | 37.00 | 265.00 | 302.00 | OK | --no-vignettes |
Version: 1.2.0
Check: Rd files
Result: NOTE
checkRd: (-1) pnbd.mcmc.DrawParameters.Rd:45: Lost braces in \itemize; \value handles \item{}{} directly
checkRd: (-1) pnbd.mcmc.DrawParameters.Rd:46: Lost braces in \itemize; \value handles \item{}{} directly
Flavors: r-devel-linux-x86_64-debian-clang, r-devel-linux-x86_64-debian-gcc, r-devel-linux-x86_64-fedora-clang, r-devel-linux-x86_64-fedora-gcc, r-patched-linux-x86_64, r-release-linux-x86_64, r-release-macos-arm64, r-release-macos-x86_64
Version: 1.2.0
Flags: --no-vignettes
Check: Rd files
Result: NOTE
checkRd: (-1) pnbd.mcmc.DrawParameters.Rd:45: Lost braces in \itemize; \value handles \item{}{} directly
checkRd: (-1) pnbd.mcmc.DrawParameters.Rd:46: Lost braces in \itemize; \value handles \item{}{} directly
Flavors: r-devel-windows-x86_64, r-release-windows-x86_64
Version: 1.2.0
Check: package dependencies
Result: NOTE
Package suggested but not available for checking: ‘gsl’
Flavor: r-oldrel-macos-x86_64