Last updated on 2024-06-30 00:59:09 CEST.
Flavor | Version | Tinstall | Tcheck | Ttotal | Status | Flags |
---|---|---|---|---|---|---|
r-devel-linux-x86_64-debian-clang | 1.1.0 | 8.02 | 47.89 | 55.91 | OK | |
r-devel-linux-x86_64-debian-gcc | 1.1.0 | 5.65 | 36.55 | 42.20 | OK | |
r-devel-linux-x86_64-fedora-clang | 1.1.0 | 71.84 | OK | |||
r-devel-linux-x86_64-fedora-gcc | 1.1.0 | 73.16 | OK | |||
r-devel-windows-x86_64 | 1.1.0 | 9.00 | 67.00 | 76.00 | NOTE | |
r-patched-linux-x86_64 | 1.1.0 | 7.92 | 46.42 | 54.34 | OK | |
r-release-linux-x86_64 | 1.1.0 | 7.18 | 47.27 | 54.45 | OK | |
r-release-macos-arm64 | 1.1.0 | 24.00 | OK | |||
r-release-macos-x86_64 | 1.1.0 | 38.00 | OK | |||
r-release-windows-x86_64 | 1.1.0 | 11.00 | 68.00 | 79.00 | NOTE | |
r-oldrel-macos-arm64 | 1.1.0 | 28.00 | OK | |||
r-oldrel-macos-x86_64 | 1.1.0 | 47.00 | OK | |||
r-oldrel-windows-x86_64 | 1.1.0 | 10.00 | 90.00 | 100.00 | NOTE |
Version: 1.1.0
Check: C++ specification
Result: NOTE
Specified C++11: please drop specification unless essential
Flavors: r-devel-windows-x86_64, r-release-windows-x86_64, r-oldrel-windows-x86_64