Last updated on 2024-06-16 11:57:51 CEST.
Flavor | Version | Tinstall | Tcheck | Ttotal | Status | Flags |
---|---|---|---|---|---|---|
r-devel-linux-x86_64-debian-clang | 1.0.0 | 410.81 | 266.31 | 677.12 | NOTE | |
r-devel-linux-x86_64-debian-gcc | 1.0.0 | 347.32 | 214.71 | 562.03 | NOTE | |
r-devel-linux-x86_64-fedora-clang | 1.0.0 | 852.35 | NOTE | |||
r-devel-linux-x86_64-fedora-gcc | 1.0.0 | 1084.45 | NOTE | |||
r-devel-windows-x86_64 | 1.0.0 | 317.00 | 222.00 | 539.00 | NOTE | |
r-patched-linux-x86_64 | 1.0.0 | 0.01 | 2.66 | 2.67 | ERROR | |
r-release-linux-x86_64 | 1.0.0 | 333.79 | 282.68 | 616.47 | NOTE | |
r-release-macos-arm64 | 1.0.0 | 213.00 | NOTE | |||
r-release-macos-x86_64 | 1.0.0 | 320.00 | NOTE | |||
r-release-windows-x86_64 | 1.0.0 | 319.00 | 245.00 | 564.00 | NOTE | |
r-oldrel-macos-arm64 | 1.0.0 | 191.00 | NOTE | |||
r-oldrel-macos-x86_64 | 1.0.0 | 515.00 | NOTE | |||
r-oldrel-windows-x86_64 | 1.0.0 | 402.00 | 295.00 | 697.00 | NOTE |
Version: 1.0.0
Check: for GNU extensions in Makefiles
Result: NOTE
GNU make is a SystemRequirements.
Flavors: r-devel-linux-x86_64-debian-clang, r-devel-linux-x86_64-debian-gcc, r-devel-linux-x86_64-fedora-clang, r-devel-linux-x86_64-fedora-gcc, r-devel-windows-x86_64, r-release-linux-x86_64, r-release-macos-arm64, r-release-macos-x86_64, r-release-windows-x86_64, r-oldrel-macos-arm64, r-oldrel-macos-x86_64, r-oldrel-windows-x86_64
Version: 1.0.0
Check: installed package size
Result: NOTE
installed size is 5.2Mb
sub-directories of 1Mb or more:
libs 3.6Mb
Flavors: r-devel-linux-x86_64-fedora-clang, r-release-macos-arm64, r-release-macos-x86_64, r-oldrel-macos-arm64, r-oldrel-macos-x86_64
Version: 1.0.0
Check: whether package can be installed
Result: ERROR
Installation failed.
Flavor: r-patched-linux-x86_64