Last updated on 2024-06-30 00:59:09 CEST.
Flavor | Version | Tinstall | Tcheck | Ttotal | Status | Flags |
---|---|---|---|---|---|---|
r-devel-linux-x86_64-debian-clang | 0.1.0 | 35.76 | 91.80 | 127.56 | OK | |
r-devel-linux-x86_64-debian-gcc | 0.1.0 | 30.27 | 68.51 | 98.78 | OK | |
r-devel-linux-x86_64-fedora-clang | 0.1.0 | 173.47 | NOTE | |||
r-devel-linux-x86_64-fedora-gcc | 0.1.0 | 171.65 | NOTE | |||
r-devel-windows-x86_64 | 0.1.0 | 34.00 | 105.00 | 139.00 | OK | |
r-patched-linux-x86_64 | 0.1.0 | 31.97 | 89.31 | 121.28 | OK | |
r-release-linux-x86_64 | 0.1.0 | 35.37 | 87.87 | 123.24 | OK | |
r-release-macos-arm64 | 0.1.0 | 46.00 | OK | |||
r-release-macos-x86_64 | 0.1.0 | 88.00 | OK | |||
r-release-windows-x86_64 | 0.1.0 | 34.00 | 108.00 | 142.00 | OK | |
r-oldrel-macos-arm64 | 0.1.0 | 51.00 | OK | |||
r-oldrel-macos-x86_64 | 0.1.0 | 85.00 | OK | |||
r-oldrel-windows-x86_64 | 0.1.0 | 43.00 | 123.00 | 166.00 | OK |
Version: 0.1.0
Check: dependencies in R code
Result: NOTE
Namespace in Imports field not imported from: ‘FastGP’
All declared Imports should be used.
Flavors: r-devel-linux-x86_64-fedora-clang, r-devel-linux-x86_64-fedora-gcc