Last updated on 2024-06-30 00:59:09 CEST.
Flavor | Version | Tinstall | Tcheck | Ttotal | Status | Flags |
---|---|---|---|---|---|---|
r-devel-linux-x86_64-debian-clang | 2.2.1 | 402.34 | 336.03 | 738.37 | OK | |
r-devel-linux-x86_64-debian-gcc | 2.2.1 | 267.26 | 239.96 | 507.22 | OK | |
r-devel-linux-x86_64-fedora-clang | 2.2.1 | 1039.55 | OK | |||
r-devel-linux-x86_64-fedora-gcc | 2.2.1 | 1077.30 | OK | |||
r-devel-windows-x86_64 | 2.2.1 | 311.00 | 331.00 | 642.00 | NOTE | |
r-patched-linux-x86_64 | 2.2.1 | 316.49 | 326.54 | 643.03 | OK | |
r-release-linux-x86_64 | 2.2.1 | 303.64 | 335.62 | 639.26 | OK | |
r-release-macos-arm64 | 2.2.1 | 223.00 | NOTE | |||
r-release-macos-x86_64 | 2.2.1 | 256.00 | NOTE | |||
r-release-windows-x86_64 | 2.2.1 | 301.00 | 336.00 | 637.00 | NOTE | |
r-oldrel-macos-arm64 | 2.2.1 | 230.00 | NOTE | |||
r-oldrel-macos-x86_64 | 2.2.1 | 360.00 | NOTE | |||
r-oldrel-windows-x86_64 | 2.2.1 | 363.00 | 373.00 | 736.00 | NOTE |
Version: 2.2.1
Check: installed package size
Result: NOTE
installed size is 5.1Mb
sub-directories of 1Mb or more:
doc 2.7Mb
libs 1.7Mb
Flavors: r-devel-windows-x86_64, r-release-macos-arm64, r-release-macos-x86_64, r-release-windows-x86_64, r-oldrel-macos-arm64, r-oldrel-macos-x86_64, r-oldrel-windows-x86_64