Last updated on 2024-06-30 00:59:09 CEST.
Flavor | Version | Tinstall | Tcheck | Ttotal | Status | Flags |
---|---|---|---|---|---|---|
r-devel-linux-x86_64-debian-clang | 1.5 | 44.15 | 32.21 | 76.36 | NOTE | |
r-devel-linux-x86_64-debian-gcc | 1.5 | 28.85 | 24.20 | 53.05 | NOTE | |
r-devel-linux-x86_64-fedora-clang | 1.5 | 103.82 | NOTE | |||
r-devel-linux-x86_64-fedora-gcc | 1.5 | 105.50 | NOTE | |||
r-devel-windows-x86_64 | 1.5 | 34.00 | 71.00 | 105.00 | NOTE | |
r-patched-linux-x86_64 | 1.5 | 34.73 | 29.87 | 64.60 | NOTE | |
r-release-linux-x86_64 | 1.5 | 36.38 | 30.94 | 67.32 | NOTE | |
r-release-macos-arm64 | 1.5 | 29.00 | NOTE | |||
r-release-macos-x86_64 | 1.5 | 44.00 | NOTE | |||
r-release-windows-x86_64 | 1.5 | 33.00 | 72.00 | 105.00 | NOTE | |
r-oldrel-macos-arm64 | 1.5 | 33.00 | NOTE | |||
r-oldrel-macos-x86_64 | 1.5 | 52.00 | NOTE | |||
r-oldrel-windows-x86_64 | 1.5 | 43.00 | 81.00 | 124.00 | NOTE |
Version: 1.5
Check: C++ specification
Result: NOTE
Specified C++11: please drop specification unless essential
Flavors: r-devel-linux-x86_64-debian-clang, r-devel-linux-x86_64-debian-gcc, r-devel-linux-x86_64-fedora-clang, r-devel-linux-x86_64-fedora-gcc, r-devel-windows-x86_64, r-patched-linux-x86_64, r-release-linux-x86_64, r-release-macos-arm64, r-release-macos-x86_64, r-release-windows-x86_64, r-oldrel-macos-arm64, r-oldrel-macos-x86_64, r-oldrel-windows-x86_64