Last updated on 2024-06-30 00:59:09 CEST.
Flavor | Version | Tinstall | Tcheck | Ttotal | Status | Flags |
---|---|---|---|---|---|---|
r-devel-linux-x86_64-debian-clang | 1.1.0 | 6.14 | 89.15 | 95.29 | OK | |
r-devel-linux-x86_64-debian-gcc | 1.1.0 | 6.86 | 63.96 | 70.82 | OK | |
r-devel-linux-x86_64-fedora-clang | 1.1.0 | 129.17 | NOTE | |||
r-devel-linux-x86_64-fedora-gcc | 1.1.0 | 143.96 | NOTE | |||
r-devel-windows-x86_64 | 1.1.0 | 7.00 | 90.00 | 97.00 | OK | |
r-patched-linux-x86_64 | 1.1.0 | 8.25 | 85.72 | 93.97 | OK | |
r-release-linux-x86_64 | 1.1.0 | 8.51 | 87.57 | 96.08 | OK | |
r-release-macos-arm64 | 1.1.0 | 50.00 | OK | |||
r-release-macos-x86_64 | 1.1.0 | 79.00 | OK | |||
r-release-windows-x86_64 | 1.1.0 | 7.00 | 94.00 | 101.00 | OK | |
r-oldrel-macos-arm64 | 1.1.0 | 53.00 | OK | |||
r-oldrel-macos-x86_64 | 1.1.0 | 91.00 | OK | |||
r-oldrel-windows-x86_64 | 1.1.0 | 8.00 | 99.00 | 107.00 | OK |
Version: 1.1.0
Check: dependencies in R code
Result: NOTE
Namespaces in Imports field not imported from:
‘MASS’ ‘Matrix’ ‘matrixcalc’ ‘stats’
All declared Imports should be used.
Flavors: r-devel-linux-x86_64-fedora-clang, r-devel-linux-x86_64-fedora-gcc