Last updated on 2024-06-30 00:59:09 CEST.
Flavor | Version | Tinstall | Tcheck | Ttotal | Status | Flags |
---|---|---|---|---|---|---|
r-devel-linux-x86_64-debian-clang | 2.2.5 | 14.37 | 54.26 | 68.63 | OK | |
r-devel-linux-x86_64-debian-gcc | 2.2.5 | 15.02 | 38.85 | 53.87 | OK | |
r-devel-linux-x86_64-fedora-clang | 2.2.5 | 83.72 | NOTE | |||
r-devel-linux-x86_64-fedora-gcc | 2.2.5 | 93.42 | NOTE | |||
r-devel-windows-x86_64 | 2.2.5 | 23.00 | 77.00 | 100.00 | OK | |
r-patched-linux-x86_64 | 2.2.5 | 18.79 | 50.09 | 68.88 | OK | |
r-release-linux-x86_64 | 2.2.5 | 18.55 | 49.75 | 68.30 | OK | |
r-release-macos-arm64 | 2.2.5 | 27.00 | OK | |||
r-release-macos-x86_64 | 2.2.5 | 38.00 | OK | |||
r-release-windows-x86_64 | 2.2.5 | 22.00 | 76.00 | 98.00 | OK | |
r-oldrel-macos-arm64 | 2.2.5 | 28.00 | OK | |||
r-oldrel-macos-x86_64 | 2.2.5 | 44.00 | OK | |||
r-oldrel-windows-x86_64 | 2.2.5 | 18.00 | 82.00 | 100.00 | OK |
Version: 2.2.5
Check: data for non-ASCII characters
Result: NOTE
Note: found 385 marked UTF-8 strings
Flavors: r-devel-linux-x86_64-fedora-clang, r-devel-linux-x86_64-fedora-gcc