Last updated on 2024-06-16 11:57:51 CEST.
Flavor | Version | Tinstall | Tcheck | Ttotal | Status | Flags |
---|---|---|---|---|---|---|
r-devel-linux-x86_64-debian-clang | 1.0.1 | 19.04 | 186.07 | 205.11 | NOTE | |
r-devel-linux-x86_64-debian-gcc | 1.0.1 | 17.96 | 137.59 | 155.55 | NOTE | |
r-devel-linux-x86_64-fedora-clang | 1.0.1 | 257.61 | NOTE | |||
r-devel-linux-x86_64-fedora-gcc | 1.0.1 | 256.66 | NOTE | |||
r-devel-windows-x86_64 | 1.0.1 | 17.00 | 160.00 | 177.00 | NOTE | |
r-patched-linux-x86_64 | 1.0.1 | 18.52 | 177.26 | 195.78 | NOTE | |
r-release-linux-x86_64 | 1.0.1 | 16.90 | 177.52 | 194.42 | NOTE | |
r-release-macos-arm64 | 1.0.1 | 74.00 | NOTE | |||
r-release-macos-x86_64 | 1.0.1 | 123.00 | NOTE | |||
r-release-windows-x86_64 | 1.0.1 | 16.00 | 177.00 | 193.00 | NOTE | |
r-oldrel-macos-arm64 | 1.0.1 | 84.00 | OK | |||
r-oldrel-macos-x86_64 | 1.0.1 | 141.00 | OK | |||
r-oldrel-windows-x86_64 | 1.0.1 | 22.00 | 187.00 | 209.00 | OK |
Version: 1.0.1
Check: Rd files
Result: NOTE
checkRd: (-1) bma.bx.cy.Rd:69: Lost braces
69 | the initial values for parameters in models. For example, inits<-function(){list(alpha=0,beta=0,c=0,var1=0.5,r=1,lamda=0.01)}.
| ^
Flavors: r-devel-linux-x86_64-debian-clang, r-devel-linux-x86_64-debian-gcc, r-devel-linux-x86_64-fedora-clang, r-devel-linux-x86_64-fedora-gcc, r-devel-windows-x86_64, r-patched-linux-x86_64, r-release-linux-x86_64, r-release-macos-arm64, r-release-macos-x86_64, r-release-windows-x86_64