Last updated on 2024-06-30 00:59:09 CEST.
Flavor | Version | Tinstall | Tcheck | Ttotal | Status | Flags |
---|---|---|---|---|---|---|
r-devel-linux-x86_64-debian-clang | 2.2 | 4.09 | 40.07 | 44.16 | OK | |
r-devel-linux-x86_64-debian-gcc | 2.2 | 2.98 | 30.41 | 33.39 | OK | |
r-devel-linux-x86_64-fedora-clang | 2.2 | 58.29 | NOTE | |||
r-devel-linux-x86_64-fedora-gcc | 2.2 | 55.05 | NOTE | |||
r-devel-windows-x86_64 | 2.2 | 7.00 | 70.00 | 77.00 | OK | |
r-patched-linux-x86_64 | 2.2 | 4.41 | 39.70 | 44.11 | OK | |
r-release-linux-x86_64 | 2.2 | 4.10 | 40.10 | 44.20 | OK | |
r-release-macos-arm64 | 2.2 | 22.00 | OK | |||
r-release-macos-x86_64 | 2.2 | 33.00 | OK | |||
r-release-windows-x86_64 | 2.2 | 6.00 | 68.00 | 74.00 | OK | |
r-oldrel-macos-arm64 | 2.2 | 27.00 | OK | |||
r-oldrel-macos-x86_64 | 2.2 | 53.00 | OK | |||
r-oldrel-windows-x86_64 | 2.2 | 6.00 | 58.00 | 64.00 | OK |
Version: 2.2
Check: data for non-ASCII characters
Result: NOTE
Note: found 42 marked UTF-8 strings
Flavors: r-devel-linux-x86_64-fedora-clang, r-devel-linux-x86_64-fedora-gcc