Last updated on 2024-06-16 11:57:52 CEST.
Flavor | Version | Tinstall | Tcheck | Ttotal | Status | Flags |
---|---|---|---|---|---|---|
r-devel-linux-x86_64-debian-clang | 1.0.3 | 59.07 | 44.49 | 103.56 | OK | |
r-devel-linux-x86_64-debian-gcc | 1.0.3 | 54.34 | 32.43 | 86.77 | OK | |
r-devel-linux-x86_64-fedora-clang | 1.0.3 | 141.51 | OK | |||
r-devel-linux-x86_64-fedora-gcc | 1.0.3 | 162.97 | OK | |||
r-devel-windows-x86_64 | 1.0.3 | 47.00 | 73.00 | 120.00 | OK | |
r-patched-linux-x86_64 | 1.0.3 | 66.78 | 42.72 | 109.50 | OK | |
r-release-linux-x86_64 | 1.0.3 | 65.94 | 42.56 | 108.50 | OK | |
r-release-macos-arm64 | 1.0.3 | 36.00 | OK | |||
r-release-macos-x86_64 | 1.0.3 | 51.00 | NOTE | |||
r-release-windows-x86_64 | 1.0.3 | 48.00 | 76.00 | 124.00 | OK | |
r-oldrel-macos-arm64 | 1.0.3 | 43.00 | OK | |||
r-oldrel-macos-x86_64 | 1.0.3 | 71.00 | NOTE | |||
r-oldrel-windows-x86_64 | 1.0.3 | 62.00 | 87.00 | 149.00 | OK |
Version: 1.0.3
Check: installed package size
Result: NOTE
installed size is 5.1Mb
sub-directories of 1Mb or more:
libs 4.7Mb
Flavors: r-release-macos-x86_64, r-oldrel-macos-x86_64