Last updated on 2024-06-16 11:57:52 CEST.
Flavor | Version | Tinstall | Tcheck | Ttotal | Status | Flags |
---|---|---|---|---|---|---|
r-devel-linux-x86_64-debian-clang | 1.0.5 | 3.52 | 43.56 | 47.08 | OK | |
r-devel-linux-x86_64-debian-gcc | 1.0.5 | 2.46 | 32.63 | 35.09 | OK | |
r-devel-linux-x86_64-fedora-clang | 1.0.5 | 60.67 | OK | |||
r-devel-linux-x86_64-fedora-gcc | 1.0.5 | 54.99 | OK | |||
r-devel-windows-x86_64 | 1.0.5 | 4.00 | 52.00 | 56.00 | NOTE | |
r-patched-linux-x86_64 | 1.0.5 | 2.83 | 40.88 | 43.71 | OK | |
r-release-linux-x86_64 | 1.0.5 | 3.04 | 41.74 | 44.78 | OK | |
r-release-macos-arm64 | 1.0.5 | 21.00 | OK | |||
r-release-macos-x86_64 | 1.0.5 | 32.00 | OK | |||
r-release-windows-x86_64 | 1.0.5 | 3.00 | 62.00 | 65.00 | NOTE | |
r-oldrel-macos-arm64 | 1.0.5 | 22.00 | OK | |||
r-oldrel-macos-x86_64 | 1.0.5 | 32.00 | OK | |||
r-oldrel-windows-x86_64 | 1.0.5 | 5.00 | 60.00 | 65.00 | NOTE |
Version: 1.0.5
Check: package dependencies
Result: NOTE
Package suggested but not available for checking: 'doMC'
Flavors: r-devel-windows-x86_64, r-release-windows-x86_64, r-oldrel-windows-x86_64