Last updated on 2024-06-30 00:59:10 CEST.
Flavor | Version | Tinstall | Tcheck | Ttotal | Status | Flags |
---|---|---|---|---|---|---|
r-devel-linux-x86_64-debian-clang | 0.2 | 64.03 | 40.67 | 104.70 | OK | |
r-devel-linux-x86_64-debian-gcc | 0.2 | 47.75 | 31.88 | 79.63 | OK | |
r-devel-linux-x86_64-fedora-clang | 0.2 | 161.65 | OK | |||
r-devel-linux-x86_64-fedora-gcc | 0.2 | 168.69 | OK | |||
r-devel-windows-x86_64 | 0.2 | 55.00 | 69.00 | 124.00 | OK | |
r-patched-linux-x86_64 | 0.2 | 58.96 | 39.41 | 98.37 | OK | |
r-release-linux-x86_64 | 0.2 | 54.84 | 39.81 | 94.65 | OK | |
r-release-macos-arm64 | 0.2 | 35.00 | NOTE | |||
r-release-macos-x86_64 | 0.2 | 56.00 | NOTE | |||
r-release-windows-x86_64 | 0.2 | 55.00 | 67.00 | 122.00 | OK | |
r-oldrel-macos-arm64 | 0.2 | 52.00 | NOTE | |||
r-oldrel-macos-x86_64 | 0.2 | 73.00 | NOTE | |||
r-oldrel-windows-x86_64 | 0.2 | 66.00 | 80.00 | 146.00 | OK |
Version: 0.2
Check: installed package size
Result: NOTE
installed size is 5.7Mb
sub-directories of 1Mb or more:
libs 5.6Mb
Flavors: r-release-macos-arm64, r-release-macos-x86_64, r-oldrel-macos-arm64, r-oldrel-macos-x86_64