Last updated on 2024-06-30 00:59:10 CEST.
Flavor | Version | Tinstall | Tcheck | Ttotal | Status | Flags |
---|---|---|---|---|---|---|
r-devel-linux-x86_64-debian-clang | 2.1.0 | 25.72 | 390.56 | 416.28 | OK | |
r-devel-linux-x86_64-debian-gcc | 2.1.0 | 16.13 | 284.65 | 300.78 | OK | |
r-devel-linux-x86_64-fedora-clang | 2.1.0 | 524.98 | NOTE | |||
r-devel-linux-x86_64-fedora-gcc | 2.1.0 | 511.18 | OK | |||
r-devel-windows-x86_64 | 2.1.0 | 23.00 | 456.00 | 479.00 | OK | |
r-patched-linux-x86_64 | 2.1.0 | 25.94 | 384.16 | 410.10 | OK | |
r-release-linux-x86_64 | 2.1.0 | 20.45 | 384.74 | 405.19 | OK | |
r-release-macos-arm64 | 2.1.0 | 154.00 | NOTE | |||
r-release-macos-x86_64 | 2.1.0 | 289.00 | NOTE | |||
r-release-windows-x86_64 | 2.1.0 | 23.00 | 453.00 | 476.00 | OK | |
r-oldrel-macos-arm64 | 2.1.0 | 179.00 | OK | |||
r-oldrel-macos-x86_64 | 2.1.0 | 618.00 | OK | |||
r-oldrel-windows-x86_64 | 2.1.0 | 23.00 | 535.00 | 558.00 | OK |
Version: 2.1.0
Check: installed package size
Result: NOTE
installed size is 6.8Mb
sub-directories of 1Mb or more:
doc 2.1Mb
libs 2.0Mb
Flavors: r-devel-linux-x86_64-fedora-clang, r-release-macos-arm64, r-release-macos-x86_64