Last updated on 2024-06-30 00:59:11 CEST.
Flavor | Version | Tinstall | Tcheck | Ttotal | Status | Flags |
---|---|---|---|---|---|---|
r-devel-linux-x86_64-debian-clang | 0.1.0 | 10.87 | 127.96 | 138.83 | OK | |
r-devel-linux-x86_64-debian-gcc | 0.1.0 | 6.42 | 96.97 | 103.39 | OK | |
r-devel-linux-x86_64-fedora-clang | 0.1.0 | 177.24 | NOTE | |||
r-devel-linux-x86_64-fedora-gcc | 0.1.0 | 180.82 | OK | |||
r-devel-windows-x86_64 | 0.1.0 | 10.00 | 103.00 | 113.00 | NOTE | |
r-patched-linux-x86_64 | 0.1.0 | 8.98 | 120.10 | 129.08 | OK | |
r-release-linux-x86_64 | 0.1.0 | 6.06 | 125.45 | 131.51 | OK | |
r-release-macos-arm64 | 0.1.0 | 46.00 | NOTE | |||
r-release-macos-x86_64 | 0.1.0 | 87.00 | NOTE | |||
r-release-windows-x86_64 | 0.1.0 | 9.00 | 107.00 | 116.00 | NOTE | |
r-oldrel-macos-arm64 | 0.1.0 | 57.00 | NOTE | |||
r-oldrel-macos-x86_64 | 0.1.0 | 57.00 | NOTE | |||
r-oldrel-windows-x86_64 | 0.1.0 | 12.00 | 121.00 | 133.00 | NOTE |
Version: 0.1.0
Check: installed package size
Result: NOTE
installed size is 8.0Mb
sub-directories of 1Mb or more:
doc 5.7Mb
extdata 2.1Mb
Flavors: r-devel-linux-x86_64-fedora-clang, r-devel-windows-x86_64, r-release-macos-arm64, r-release-macos-x86_64, r-release-windows-x86_64, r-oldrel-macos-arm64, r-oldrel-macos-x86_64, r-oldrel-windows-x86_64
Version: 0.1.0
Check: package dependencies
Result: NOTE
Packages suggested but not available for checking: 'clustree', 'Seurat'
Flavor: r-oldrel-macos-x86_64
Version: 0.1.0
Check: re-building of vignette outputs
Result: NOTE
Note: skipping ‘CIARA.Rmd’ due to unavailable dependencies: 'Seurat'
Flavor: r-oldrel-macos-x86_64