Last updated on 2024-06-30 00:59:11 CEST.
Flavor | Version | Tinstall | Tcheck | Ttotal | Status | Flags |
---|---|---|---|---|---|---|
r-devel-linux-x86_64-debian-clang | 1.0 | 6.85 | 65.32 | 72.17 | NOTE | |
r-devel-linux-x86_64-debian-gcc | 1.0 | 6.10 | 49.17 | 55.27 | NOTE | |
r-devel-linux-x86_64-fedora-clang | 1.0 | 91.16 | NOTE | |||
r-devel-linux-x86_64-fedora-gcc | 1.0 | 88.94 | NOTE | |||
r-devel-windows-x86_64 | 1.0 | 7.00 | 64.00 | 71.00 | NOTE | |
r-patched-linux-x86_64 | 1.0 | 6.18 | 61.06 | 67.24 | NOTE | |
r-release-linux-x86_64 | 1.0 | 7.09 | 63.95 | 71.04 | NOTE | |
r-release-macos-arm64 | 1.0 | 29.00 | NOTE | |||
r-release-macos-x86_64 | 1.0 | 48.00 | NOTE | |||
r-release-windows-x86_64 | 1.0 | 7.00 | 64.00 | 71.00 | NOTE | |
r-oldrel-macos-arm64 | 1.0 | 35.00 | NOTE | |||
r-oldrel-macos-x86_64 | 1.0 | 50.00 | NOTE | |||
r-oldrel-windows-x86_64 | 1.0 | 9.00 | 76.00 | 85.00 | NOTE |
Version: 1.0
Check: package dependencies
Result: NOTE
Package suggested but not available for checking: ‘userfriendlyscience’
Flavors: r-devel-linux-x86_64-debian-clang, r-devel-linux-x86_64-debian-gcc, r-devel-linux-x86_64-fedora-clang, r-devel-linux-x86_64-fedora-gcc, r-devel-windows-x86_64, r-patched-linux-x86_64, r-release-linux-x86_64, r-release-macos-arm64, r-release-macos-x86_64, r-release-windows-x86_64, r-oldrel-macos-arm64, r-oldrel-macos-x86_64, r-oldrel-windows-x86_64
Version: 1.0
Check: Rd files
Result: NOTE
checkRd: (-1) CIplot.Rd:58: Lost braces; missing escapes or markup?
58 | \item{las}{numeric in {0,1,2,3}; the style of axis labels.
| ^
Flavors: r-devel-linux-x86_64-debian-clang, r-devel-linux-x86_64-debian-gcc, r-devel-linux-x86_64-fedora-clang, r-devel-linux-x86_64-fedora-gcc, r-devel-windows-x86_64, r-patched-linux-x86_64, r-release-linux-x86_64, r-release-macos-arm64, r-release-macos-x86_64, r-release-windows-x86_64