Last updated on 2024-06-30 00:59:11 CEST.
Flavor | Version | Tinstall | Tcheck | Ttotal | Status | Flags |
---|---|---|---|---|---|---|
r-devel-linux-x86_64-debian-clang | 1.4.0 | 42.70 | 520.39 | 563.09 | NOTE | |
r-devel-linux-x86_64-debian-gcc | 1.4.0 | 33.80 | 358.22 | 392.02 | NOTE | |
r-devel-linux-x86_64-fedora-clang | 1.4.0 | 674.00 | NOTE | |||
r-devel-linux-x86_64-fedora-gcc | 1.4.0 | 655.17 | NOTE | |||
r-devel-windows-x86_64 | 1.4.0 | 38.00 | 333.00 | 371.00 | NOTE | |
r-patched-linux-x86_64 | 1.4.0 | 43.52 | 478.71 | 522.23 | NOTE | |
r-release-linux-x86_64 | 1.4.0 | 28.46 | 493.45 | 521.91 | NOTE | |
r-release-macos-arm64 | 1.4.0 | 139.00 | NOTE | |||
r-release-macos-x86_64 | 1.4.0 | 241.00 | NOTE | |||
r-release-windows-x86_64 | 1.4.0 | 36.00 | 333.00 | 369.00 | NOTE | |
r-oldrel-macos-arm64 | 1.4.0 | 177.00 | OK | |||
r-oldrel-macos-x86_64 | 1.4.0 | 292.00 | OK | |||
r-oldrel-windows-x86_64 | 1.4.0 | 47.00 | 443.00 | 490.00 | OK |
Version: 1.4.0
Check: Rd files
Result: NOTE
checkRd: (-1) ch_tr_sign.Rd:15: Lost braces; missing escapes or markup?
15 | {x} {an array of indices 1, 2, 3}
| ^
checkRd: (-1) ch_tr_signif.Rd:15: Lost braces; missing escapes or markup?
15 | {x} {an array of indices 1 and 2, where 1 is NS and 2 is significant}
| ^
Flavors: r-devel-linux-x86_64-debian-clang, r-devel-linux-x86_64-debian-gcc, r-devel-linux-x86_64-fedora-clang, r-devel-linux-x86_64-fedora-gcc, r-devel-windows-x86_64, r-patched-linux-x86_64, r-release-linux-x86_64, r-release-macos-arm64, r-release-macos-x86_64, r-release-windows-x86_64
Version: 1.4.0
Check: data for non-ASCII characters
Result: NOTE
Note: found 282 marked UTF-8 strings
Flavors: r-devel-linux-x86_64-fedora-clang, r-devel-linux-x86_64-fedora-gcc