Last updated on 2024-06-30 00:59:10 CEST.
Flavor | Version | Tinstall | Tcheck | Ttotal | Status | Flags |
---|---|---|---|---|---|---|
r-devel-linux-x86_64-debian-clang | 1.0.1 | 25.01 | 32.33 | 57.34 | OK | |
r-devel-linux-x86_64-debian-gcc | 1.0.1 | 15.14 | 27.63 | 42.77 | OK | |
r-devel-linux-x86_64-fedora-clang | 1.0.1 | 79.13 | NOTE | |||
r-devel-linux-x86_64-fedora-gcc | 1.0.1 | 79.34 | OK | |||
r-devel-windows-x86_64 | 1.0.1 | 19.00 | 71.00 | 90.00 | OK | |
r-patched-linux-x86_64 | 1.0.1 | 23.34 | 33.15 | 56.49 | OK | |
r-release-linux-x86_64 | 1.0.1 | 20.08 | 32.98 | 53.06 | OK | |
r-release-macos-arm64 | 1.0.1 | 25.00 | OK | |||
r-release-macos-x86_64 | 1.0.1 | 34.00 | OK | |||
r-release-windows-x86_64 | 1.0.1 | 20.00 | 69.00 | 89.00 | OK | |
r-oldrel-macos-arm64 | 1.0.1 | 27.00 | OK | |||
r-oldrel-macos-x86_64 | 1.0.1 | 38.00 | OK | |||
r-oldrel-windows-x86_64 | 1.0.1 | 24.00 | 79.00 | 103.00 | OK |
Version: 1.0.1
Check: Rd cross-references
Result: NOTE
Undeclared package ‘sitmo’ in Rd xrefs
Flavor: r-devel-linux-x86_64-fedora-clang