Last updated on 2024-06-30 00:59:11 CEST.
Flavor | Version | Tinstall | Tcheck | Ttotal | Status | Flags |
---|---|---|---|---|---|---|
r-devel-linux-x86_64-debian-clang | 2.3.0 | 13.50 | 140.57 | 154.07 | OK | |
r-devel-linux-x86_64-debian-gcc | 2.3.0 | 13.30 | 104.10 | 117.40 | OK | |
r-devel-linux-x86_64-fedora-clang | 2.3.0 | 196.89 | OK | |||
r-devel-linux-x86_64-fedora-gcc | 2.3.0 | 184.35 | OK | |||
r-devel-windows-x86_64 | 2.3.0 | 13.00 | 109.00 | 122.00 | OK | |
r-patched-linux-x86_64 | 2.3.0 | 11.26 | 133.94 | 145.20 | OK | |
r-release-linux-x86_64 | 2.3.0 | 11.15 | 136.59 | 147.74 | OK | |
r-release-macos-arm64 | 2.3.0 | 55.00 | OK | |||
r-release-macos-x86_64 | 2.3.0 | 9.00 | ERROR | |||
r-release-windows-x86_64 | 2.3.0 | 15.00 | 126.00 | 141.00 | OK | |
r-oldrel-macos-arm64 | 2.3.0 | 20.00 | ERROR | |||
r-oldrel-macos-x86_64 | 2.3.0 | 14.00 | ERROR | |||
r-oldrel-windows-x86_64 | 2.3.0 | 1.00 | 13.00 | 14.00 | ERROR |
Version: 2.3.0
Check: package dependencies
Result: ERROR
Package required but not available: ‘pwalign’
See section ‘The DESCRIPTION file’ in the ‘Writing R Extensions’
manual.
Flavors: r-release-macos-x86_64, r-oldrel-macos-arm64, r-oldrel-macos-x86_64, r-oldrel-windows-x86_64