Last updated on 2024-06-30 00:59:11 CEST.
Flavor | Version | Tinstall | Tcheck | Ttotal | Status | Flags |
---|---|---|---|---|---|---|
r-devel-linux-x86_64-debian-clang | 0.1.0 | 7.54 | 74.22 | 81.76 | OK | |
r-devel-linux-x86_64-debian-gcc | 0.1.0 | 5.18 | 53.83 | 59.01 | OK | |
r-devel-linux-x86_64-fedora-clang | 0.1.0 | 101.69 | NOTE | |||
r-devel-linux-x86_64-fedora-gcc | 0.1.0 | 108.08 | NOTE | |||
r-devel-windows-x86_64 | 0.1.0 | 8.00 | 71.00 | 79.00 | OK | |
r-patched-linux-x86_64 | 0.1.0 | 5.76 | 71.01 | 76.77 | OK | |
r-release-linux-x86_64 | 0.1.0 | 4.76 | 68.92 | 73.68 | OK | |
r-release-macos-arm64 | 0.1.0 | 37.00 | OK | |||
r-release-macos-x86_64 | 0.1.0 | 62.00 | OK | |||
r-release-windows-x86_64 | 0.1.0 | 7.00 | 70.00 | 77.00 | OK | |
r-oldrel-macos-arm64 | 0.1.0 | 38.00 | OK | |||
r-oldrel-macos-x86_64 | 0.1.0 | 57.00 | OK | |||
r-oldrel-windows-x86_64 | 0.1.0 | 9.00 | 82.00 | 91.00 | OK |
Version: 0.1.0
Check: dependencies in R code
Result: NOTE
Namespace in Imports field not imported from: ‘utils’
All declared Imports should be used.
Flavors: r-devel-linux-x86_64-fedora-clang, r-devel-linux-x86_64-fedora-gcc