Last updated on 2024-06-30 00:59:11 CEST.
Flavor | Version | Tinstall | Tcheck | Ttotal | Status | Flags |
---|---|---|---|---|---|---|
r-devel-linux-x86_64-debian-clang | 1.3.3 | 68.61 | 195.66 | 264.27 | OK | |
r-devel-linux-x86_64-debian-gcc | 1.3.3 | 60.15 | 144.08 | 204.23 | OK | |
r-devel-linux-x86_64-fedora-clang | 1.3.3 | 363.69 | OK | |||
r-devel-linux-x86_64-fedora-gcc | 1.3.3 | 390.65 | OK | |||
r-devel-windows-x86_64 | 1.3.3 | 66.00 | 173.00 | 239.00 | OK | |
r-patched-linux-x86_64 | 1.3.3 | 71.59 | 192.10 | 263.69 | OK | |
r-release-linux-x86_64 | 1.3.3 | 82.29 | 189.01 | 271.30 | OK | |
r-release-macos-arm64 | 1.3.3 | 107.00 | NOTE | |||
r-release-macos-x86_64 | 1.3.3 | 325.00 | NOTE | |||
r-release-windows-x86_64 | 1.3.3 | 64.00 | 175.00 | 239.00 | OK | |
r-oldrel-macos-arm64 | 1.3.3 | 150.00 | NOTE | |||
r-oldrel-macos-x86_64 | 1.3.3 | 324.00 | NOTE | |||
r-oldrel-windows-x86_64 | 1.3.3 | 80.00 | 240.00 | 320.00 | OK |
Version: 1.3.3
Check: installed package size
Result: NOTE
installed size is 9.3Mb
sub-directories of 1Mb or more:
libs 8.0Mb
Flavors: r-release-macos-arm64, r-release-macos-x86_64, r-oldrel-macos-arm64, r-oldrel-macos-x86_64