Last updated on 2024-06-30 00:59:11 CEST.
Flavor | Version | Tinstall | Tcheck | Ttotal | Status | Flags |
---|---|---|---|---|---|---|
r-devel-linux-x86_64-debian-clang | 1.1 | 1.33 | 21.46 | 22.79 | OK | |
r-devel-linux-x86_64-debian-gcc | 1.1 | 1.65 | 16.38 | 18.03 | OK | |
r-devel-linux-x86_64-fedora-clang | 1.1 | 29.39 | OK | |||
r-devel-linux-x86_64-fedora-gcc | 1.1 | 28.91 | OK | |||
r-devel-windows-x86_64 | 1.1 | 2.00 | 37.00 | 39.00 | OK | |
r-patched-linux-x86_64 | 1.1 | 1.80 | 20.54 | 22.34 | OK | |
r-release-linux-x86_64 | 1.1 | 2.11 | 20.84 | 22.95 | OK | |
r-release-macos-arm64 | 1.1 | 14.00 | NOTE | |||
r-release-macos-x86_64 | 1.1 | 26.00 | OK | |||
r-release-windows-x86_64 | 1.1 | 3.00 | 38.00 | 41.00 | OK | |
r-oldrel-macos-arm64 | 1.1 | 14.00 | NOTE | |||
r-oldrel-macos-x86_64 | 1.1 | 19.00 | NOTE | |||
r-oldrel-windows-x86_64 | 1.1 | 2.00 | 36.00 | 38.00 | OK |
Version: 1.1
Check: package dependencies
Result: NOTE
Package suggested but not available for checking: ‘ProData’
Flavors: r-release-macos-arm64, r-oldrel-macos-arm64, r-oldrel-macos-x86_64