Last updated on 2024-06-30 00:59:11 CEST.
Flavor | Version | Tinstall | Tcheck | Ttotal | Status | Flags |
---|---|---|---|---|---|---|
r-devel-linux-x86_64-debian-clang | 1.4.8 | 4.93 | 38.76 | 43.69 | OK | |
r-devel-linux-x86_64-debian-gcc | 1.4.8 | 3.46 | 30.09 | 33.55 | OK | |
r-devel-linux-x86_64-fedora-clang | 1.4.8 | 54.14 | NOTE | |||
r-devel-linux-x86_64-fedora-gcc | 1.4.8 | 51.72 | NOTE | |||
r-devel-windows-x86_64 | 1.4.8 | 7.00 | 52.00 | 59.00 | OK | |
r-patched-linux-x86_64 | 1.4.8 | 2.69 | 38.00 | 40.69 | OK | |
r-release-linux-x86_64 | 1.4.8 | 2.77 | 37.22 | 39.99 | OK | |
r-release-macos-arm64 | 1.4.8 | 24.00 | OK | |||
r-release-macos-x86_64 | 1.4.8 | 30.00 | OK | |||
r-release-windows-x86_64 | 1.4.8 | 5.00 | 51.00 | 56.00 | OK | |
r-oldrel-macos-arm64 | 1.4.8 | 23.00 | OK | |||
r-oldrel-macos-x86_64 | 1.4.8 | 29.00 | OK | |||
r-oldrel-windows-x86_64 | 1.4.8 | 7.00 | 57.00 | 64.00 | OK |
Version: 1.4.8
Check: dependencies in R code
Result: NOTE
Namespaces in Imports field not imported from:
‘DT’ ‘dplyr’ ‘geosphere’ ‘mapdata’ ‘maps’ ‘marmap’ ‘shinydashboard’
‘shinyjs’ ‘stringr’ ‘swfscDAS’
All declared Imports should be used.
Flavors: r-devel-linux-x86_64-fedora-clang, r-devel-linux-x86_64-fedora-gcc