Last updated on 2024-06-30 00:59:11 CEST.
Flavor | Version | Tinstall | Tcheck | Ttotal | Status | Flags |
---|---|---|---|---|---|---|
r-devel-linux-x86_64-debian-clang | 1.0.2 | 59.71 | 469.03 | 528.74 | OK | |
r-devel-linux-x86_64-debian-gcc | 1.0.2 | 43.99 | 325.15 | 369.14 | OK | |
r-devel-linux-x86_64-fedora-clang | 1.0.2 | 636.01 | NOTE | |||
r-devel-linux-x86_64-fedora-gcc | 1.0.2 | 630.50 | NOTE | |||
r-devel-windows-x86_64 | 1.0.2 | 41.00 | 268.00 | 309.00 | OK | |
r-patched-linux-x86_64 | 1.0.2 | 56.85 | 440.47 | 497.32 | OK | |
r-release-linux-x86_64 | 1.0.2 | 33.25 | 441.76 | 475.01 | OK | |
r-release-macos-arm64 | 1.0.2 | 150.00 | OK | |||
r-release-macos-x86_64 | 1.0.2 | 241.00 | OK | |||
r-release-windows-x86_64 | 1.0.2 | 40.00 | 268.00 | 308.00 | OK | |
r-oldrel-macos-arm64 | 1.0.2 | 155.00 | OK | |||
r-oldrel-macos-x86_64 | 1.0.2 | 373.00 | OK | |||
r-oldrel-windows-x86_64 | 1.0.2 | 54.00 | 373.00 | 427.00 | OK |
Version: 1.0.2
Check: data for non-ASCII characters
Result: NOTE
Note: found 9 marked UTF-8 strings
Flavors: r-devel-linux-x86_64-fedora-clang, r-devel-linux-x86_64-fedora-gcc