Last updated on 2024-06-30 00:59:11 CEST.
Flavor | Version | Tinstall | Tcheck | Ttotal | Status | Flags |
---|---|---|---|---|---|---|
r-devel-linux-x86_64-debian-clang | 2.4.3 | 9.74 | 196.26 | 206.00 | NOTE | |
r-devel-linux-x86_64-debian-gcc | 2.4.3 | 7.55 | 169.53 | 177.08 | NOTE | |
r-devel-linux-x86_64-fedora-clang | 2.4.3 | 307.43 | NOTE | |||
r-devel-linux-x86_64-fedora-gcc | 2.4.3 | 324.38 | NOTE | |||
r-devel-windows-x86_64 | 2.4.3 | 13.00 | 203.00 | 216.00 | NOTE | |
r-patched-linux-x86_64 | 2.4.3 | 13.66 | 192.48 | 206.14 | NOTE | |
r-release-linux-x86_64 | 2.4.3 | 9.34 | 196.15 | 205.49 | NOTE | |
r-release-macos-arm64 | 2.4.3 | 78.00 | NOTE | |||
r-release-macos-x86_64 | 2.4.3 | 98.00 | NOTE | |||
r-release-windows-x86_64 | 2.4.3 | 13.00 | 200.00 | 213.00 | NOTE | |
r-oldrel-macos-arm64 | 2.4.3 | 78.00 | OK | |||
r-oldrel-macos-x86_64 | 2.4.3 | 107.00 | OK | |||
r-oldrel-windows-x86_64 | 2.4.3 | 15.00 | 247.00 | 262.00 | OK |
Version: 2.4.3
Check: Rd files
Result: NOTE
checkRd: (-1) plot.model_parts.Rd:25: Lost braces in \itemize; meant \describe ?
checkRd: (-1) plot.model_parts.Rd:26: Lost braces in \itemize; meant \describe ?
checkRd: (-1) plot.model_parts.Rd:27: Lost braces in \itemize; meant \describe ?
checkRd: (-1) plot.model_parts.Rd:28: Lost braces in \itemize; meant \describe ?
checkRd: (-1) plot.model_parts.Rd:29: Lost braces in \itemize; meant \describe ?
checkRd: (-1) plot.model_parts.Rd:30-31: Lost braces in \itemize; meant \describe ?
checkRd: (-1) plot.model_profile.Rd:21-22: Lost braces in \itemize; \value handles \item{}{} directly
checkRd: (-1) plot.model_profile.Rd:23: Lost braces in \itemize; \value handles \item{}{} directly
checkRd: (-1) plot.model_profile.Rd:24: Lost braces in \itemize; \value handles \item{}{} directly
checkRd: (-1) plot.model_profile.Rd:25: Lost braces in \itemize; \value handles \item{}{} directly
checkRd: (-1) plot.model_profile.Rd:26: Lost braces in \itemize; \value handles \item{}{} directly
checkRd: (-1) plot.model_profile.Rd:27: Lost braces in \itemize; \value handles \item{}{} directly
checkRd: (-1) plot.model_profile.Rd:28: Lost braces in \itemize; \value handles \item{}{} directly
checkRd: (-1) plot.predict_parts.Rd:25: Lost braces in \itemize; meant \describe ?
checkRd: (-1) plot.predict_parts.Rd:26-27: Lost braces in \itemize; meant \describe ?
checkRd: (-1) plot.predict_parts.Rd:28: Lost braces in \itemize; meant \describe ?
checkRd: (-1) plot.predict_parts.Rd:29: Lost braces in \itemize; meant \describe ?
checkRd: (-1) plot.predict_parts.Rd:30: Lost braces in \itemize; meant \describe ?
checkRd: (-1) plot.predict_parts.Rd:31: Lost braces in \itemize; meant \describe ?
checkRd: (-1) plot.predict_parts.Rd:32: Lost braces in \itemize; meant \describe ?
checkRd: (-1) plot.predict_parts.Rd:33: Lost braces in \itemize; meant \describe ?
checkRd: (-1) plot.predict_parts.Rd:34-35: Lost braces in \itemize; meant \describe ?
checkRd: (-1) plot.predict_parts.Rd:36: Lost braces in \itemize; meant \describe ?
checkRd: (-1) plot.predict_parts.Rd:37: Lost braces in \itemize; meant \describe ?
checkRd: (-1) plot.predict_parts.Rd:38-39: Lost braces in \itemize; meant \describe ?
checkRd: (-1) plot.predict_parts.Rd:40: Lost braces in \itemize; meant \describe ?
checkRd: (-1) plot.predict_parts.Rd:45: Lost braces in \itemize; meant \describe ?
checkRd: (-1) plot.predict_parts.Rd:46: Lost braces in \itemize; meant \describe ?
checkRd: (-1) plot.predict_parts.Rd:47: Lost braces in \itemize; meant \describe ?
checkRd: (-1) plot.predict_parts.Rd:48: Lost braces in \itemize; meant \describe ?
checkRd: (-1) plot.predict_parts.Rd:53: Lost braces in \itemize; meant \describe ?
checkRd: (-1) plot.predict_profile.Rd:25: Lost braces in \itemize; meant \describe ?
checkRd: (-1) plot.predict_profile.Rd:26: Lost braces in \itemize; meant \describe ?
checkRd: (-1) plot.predict_profile.Rd:27: Lost braces in \itemize; meant \describe ?
checkRd: (-1) plot.predict_profile.Rd:28: Lost braces in \itemize; meant \describe ?
checkRd: (-1) plot.predict_profile.Rd:29: Lost braces in \itemize; meant \describe ?
checkRd: (-1) plot.predict_profile.Rd:30-31: Lost braces in \itemize; meant \describe ?
checkRd: (-1) plot.predict_profile.Rd:32: Lost braces in \itemize; meant \describe ?
checkRd: (-1) plot.predict_profile.Rd:33-34: Lost braces in \itemize; meant \describe ?
checkRd: (-1) plot.predict_profile.Rd:35: Lost braces in \itemize; meant \describe ?
Flavors: r-devel-linux-x86_64-debian-clang, r-devel-linux-x86_64-debian-gcc, r-devel-linux-x86_64-fedora-clang, r-devel-linux-x86_64-fedora-gcc, r-devel-windows-x86_64, r-patched-linux-x86_64, r-release-linux-x86_64, r-release-macos-arm64, r-release-macos-x86_64, r-release-windows-x86_64