Last updated on 2024-06-16 11:57:54 CEST.
Flavor | Version | Tinstall | Tcheck | Ttotal | Status | Flags |
---|---|---|---|---|---|---|
r-devel-linux-x86_64-debian-clang | 0.1.0 | 48.47 | 429.41 | 477.88 | OK | |
r-devel-linux-x86_64-debian-gcc | 0.1.0 | 42.68 | 314.49 | 357.17 | OK | |
r-devel-linux-x86_64-fedora-clang | 0.1.0 | 620.08 | OK | |||
r-devel-linux-x86_64-fedora-gcc | 0.1.0 | 603.31 | OK | |||
r-devel-windows-x86_64 | 0.1.0 | 44.00 | 278.00 | 322.00 | OK | |
r-patched-linux-x86_64 | 0.1.0 | 40.73 | 409.04 | 449.77 | OK | |
r-release-linux-x86_64 | 0.1.0 | 33.90 | 404.38 | 438.28 | OK | |
r-release-macos-arm64 | 0.1.0 | 152.00 | OK | |||
r-release-macos-x86_64 | 0.1.0 | 228.00 | OK | |||
r-release-windows-x86_64 | 0.1.0 | 43.00 | 307.00 | 350.00 | OK | |
r-oldrel-macos-arm64 | 0.1.0 | 10.00 | ERROR | |||
r-oldrel-macos-x86_64 | 0.1.0 | 11.00 | ERROR | |||
r-oldrel-windows-x86_64 | 0.1.0 | 58.00 | 374.00 | 432.00 | OK |
Version: 0.1.0
Check: package dependencies
Result: ERROR
Package required but not available: ‘dada2’
See section ‘The DESCRIPTION file’ in the ‘Writing R Extensions’
manual.
Flavors: r-oldrel-macos-arm64, r-oldrel-macos-x86_64