Last updated on 2024-06-30 00:59:12 CEST.
Flavor | Version | Tinstall | Tcheck | Ttotal | Status | Flags |
---|---|---|---|---|---|---|
r-devel-linux-x86_64-debian-clang | 1.1-3 | 2.49 | 45.53 | 48.02 | OK | |
r-devel-linux-x86_64-debian-gcc | 1.1-3 | 2.09 | 33.68 | 35.77 | OK | |
r-devel-linux-x86_64-fedora-clang | 1.1-3 | 60.68 | NOTE | |||
r-devel-linux-x86_64-fedora-gcc | 1.1-3 | 56.73 | OK | |||
r-devel-windows-x86_64 | 1.1-3 | 4.00 | 52.00 | 56.00 | OK | |
r-patched-linux-x86_64 | 1.1-3 | 2.44 | 43.56 | 46.00 | OK | |
r-release-linux-x86_64 | 1.1-3 | 2.40 | 44.70 | 47.10 | OK | |
r-release-macos-arm64 | 1.1-3 | 18.00 | OK | |||
r-release-macos-x86_64 | 1.1-3 | 30.00 | OK | |||
r-release-windows-x86_64 | 1.1-3 | 3.00 | 51.00 | 54.00 | OK | |
r-oldrel-macos-arm64 | 1.1-3 | 120.00 | OK | |||
r-oldrel-macos-x86_64 | 1.1-3 | 153.00 | OK | |||
r-oldrel-windows-x86_64 | 1.1-3 | 6.00 | 60.00 | 66.00 | OK |
Version: 1.1-3
Check: Rd cross-references
Result: NOTE
Undeclared package ‘DEoptim’ in Rd xrefs
Flavor: r-devel-linux-x86_64-fedora-clang