Last updated on 2024-06-30 00:59:12 CEST.
Flavor | Version | Tinstall | Tcheck | Ttotal | Status | Flags |
---|---|---|---|---|---|---|
r-devel-linux-x86_64-debian-clang | 0.0.2 | 8.62 | 66.49 | 75.11 | NOTE | |
r-devel-linux-x86_64-debian-gcc | 0.0.2 | 6.98 | 48.54 | 55.52 | NOTE | |
r-devel-linux-x86_64-fedora-clang | 0.0.2 | 94.50 | NOTE | |||
r-devel-linux-x86_64-fedora-gcc | 0.0.2 | 89.13 | NOTE | |||
r-devel-windows-x86_64 | 0.0.2 | 10.00 | 72.00 | 82.00 | NOTE | |
r-patched-linux-x86_64 | 0.0.2 | 11.24 | 63.20 | 74.44 | NOTE | |
r-release-linux-x86_64 | 0.0.2 | 7.61 | 61.78 | 69.39 | NOTE | |
r-release-macos-arm64 | 0.0.2 | 33.00 | NOTE | |||
r-release-macos-x86_64 | 0.0.2 | 62.00 | NOTE | |||
r-release-windows-x86_64 | 0.0.2 | 11.00 | 73.00 | 84.00 | NOTE | |
r-oldrel-macos-arm64 | 0.0.2 | 34.00 | OK | |||
r-oldrel-macos-x86_64 | 0.0.2 | 48.00 | OK | |||
r-oldrel-windows-x86_64 | 0.0.2 | 12.00 | 86.00 | 98.00 | OK |
Version: 0.0.2
Check: Rd files
Result: NOTE
checkRd: (-1) outliers.ranking.Rd:142: Lost braces; missing escapes or markup?
142 | max ( 0, ( |g_{y,i}| - |g_{x,i}| ) / ( |g_{y,i}| + |g_{x,i}| ) ),
| ^
checkRd: (-1) outliers.ranking.Rd:142: Lost braces; missing escapes or markup?
142 | max ( 0, ( |g_{y,i}| - |g_{x,i}| ) / ( |g_{y,i}| + |g_{x,i}| ) ),
| ^
checkRd: (-1) outliers.ranking.Rd:142: Lost braces; missing escapes or markup?
142 | max ( 0, ( |g_{y,i}| - |g_{x,i}| ) / ( |g_{y,i}| + |g_{x,i}| ) ),
| ^
checkRd: (-1) outliers.ranking.Rd:142: Lost braces; missing escapes or markup?
142 | max ( 0, ( |g_{y,i}| - |g_{x,i}| ) / ( |g_{y,i}| + |g_{x,i}| ) ),
| ^
checkRd: (-1) outliers.ranking.Rd:143: Lost braces; missing escapes or markup?
143 | where g_{y,i} and g_{x,i} are the two groups involved in the merge at
| ^
checkRd: (-1) outliers.ranking.Rd:143: Lost braces; missing escapes or markup?
143 | where g_{y,i} and g_{x,i} are the two groups involved in the merge at
| ^
checkRd: (-1) outliers.ranking.Rd:144: Lost braces; missing escapes or markup?
144 | step i, and g_{x,i} is the group which X belongs to. Note that if X
| ^
Flavors: r-devel-linux-x86_64-debian-clang, r-devel-linux-x86_64-debian-gcc, r-devel-linux-x86_64-fedora-clang, r-devel-linux-x86_64-fedora-gcc, r-devel-windows-x86_64, r-patched-linux-x86_64, r-release-linux-x86_64, r-release-macos-arm64, r-release-macos-x86_64, r-release-windows-x86_64