Last updated on 2024-06-30 00:59:12 CEST.
Flavor | Version | Tinstall | Tcheck | Ttotal | Status | Flags |
---|---|---|---|---|---|---|
r-devel-linux-x86_64-debian-clang | 0.9.6 | 10.00 | 178.39 | 188.39 | OK | |
r-devel-linux-x86_64-debian-gcc | 0.9.6 | 8.43 | 125.72 | 134.15 | OK | |
r-devel-linux-x86_64-fedora-clang | 0.9.6 | 240.83 | NOTE | |||
r-devel-linux-x86_64-fedora-gcc | 0.9.6 | 240.69 | OK | |||
r-devel-windows-x86_64 | 0.9.6 | 11.00 | 160.00 | 171.00 | NOTE | |
r-patched-linux-x86_64 | 0.9.6 | 11.41 | 169.32 | 180.73 | OK | |
r-release-linux-x86_64 | 0.9.6 | 7.75 | 171.73 | 179.48 | OK | |
r-release-macos-arm64 | 0.9.6 | 69.00 | NOTE | |||
r-release-macos-x86_64 | 0.9.6 | 104.00 | NOTE | |||
r-release-windows-x86_64 | 0.9.6 | 13.00 | 140.00 | 153.00 | NOTE | |
r-oldrel-macos-arm64 | 0.9.6 | 69.00 | NOTE | |||
r-oldrel-macos-x86_64 | 0.9.6 | 175.00 | NOTE | |||
r-oldrel-windows-x86_64 | 0.9.6 | 15.00 | 185.00 | 200.00 | NOTE |
Version: 0.9.6
Check: installed package size
Result: NOTE
installed size is 5.3Mb
sub-directories of 1Mb or more:
appinformation 4.1Mb
Flavors: r-devel-linux-x86_64-fedora-clang, r-devel-windows-x86_64, r-release-macos-arm64, r-release-macos-x86_64, r-release-windows-x86_64, r-oldrel-macos-arm64, r-oldrel-macos-x86_64, r-oldrel-windows-x86_64