Last updated on 2024-06-30 00:59:12 CEST.
Flavor | Version | Tinstall | Tcheck | Ttotal | Status | Flags |
---|---|---|---|---|---|---|
r-devel-linux-x86_64-debian-clang | 0.33 | 7.20 | 49.10 | 56.30 | OK | |
r-devel-linux-x86_64-debian-gcc | 0.33 | 4.93 | 36.73 | 41.66 | OK | |
r-devel-linux-x86_64-fedora-clang | 0.33 | 71.47 | NOTE | |||
r-devel-linux-x86_64-fedora-gcc | 0.33 | 78.91 | OK | |||
r-devel-windows-x86_64 | 0.33 | 10.00 | 58.00 | 68.00 | NOTE | |
r-patched-linux-x86_64 | 0.33 | 10.82 | 46.88 | 57.70 | OK | |
r-release-linux-x86_64 | 0.33 | 7.37 | 47.64 | 55.01 | OK | |
r-release-macos-arm64 | 0.33 | 34.00 | NOTE | |||
r-release-macos-x86_64 | 0.33 | 52.00 | NOTE | |||
r-release-windows-x86_64 | 0.33 | 9.00 | 58.00 | 67.00 | NOTE | |
r-oldrel-macos-arm64 | 0.33 | 36.00 | NOTE | |||
r-oldrel-macos-x86_64 | 0.33 | 64.00 | NOTE | |||
r-oldrel-windows-x86_64 | 0.33 | 11.00 | 67.00 | 78.00 | NOTE |
Version: 0.33
Check: installed package size
Result: NOTE
installed size is 6.8Mb
sub-directories of 1Mb or more:
htmlwidgets 5.8Mb
Flavors: r-devel-linux-x86_64-fedora-clang, r-devel-windows-x86_64, r-release-macos-arm64, r-release-macos-x86_64, r-release-windows-x86_64, r-oldrel-macos-arm64, r-oldrel-macos-x86_64, r-oldrel-windows-x86_64