Last updated on 2024-06-30 00:59:12 CEST.
Flavor | Version | Tinstall | Tcheck | Ttotal | Status | Flags |
---|---|---|---|---|---|---|
r-devel-linux-x86_64-debian-clang | 0.0.3 | 3.19 | 41.32 | 44.51 | OK | |
r-devel-linux-x86_64-debian-gcc | 0.0.3 | 2.40 | 31.81 | 34.21 | OK | |
r-devel-linux-x86_64-fedora-clang | 0.0.3 | 58.85 | OK | |||
r-devel-linux-x86_64-fedora-gcc | 0.0.3 | 67.02 | OK | |||
r-devel-windows-x86_64 | 0.0.3 | 4.00 | 57.00 | 61.00 | OK | |
r-patched-linux-x86_64 | 0.0.3 | 4.29 | 39.72 | 44.01 | OK | |
r-release-linux-x86_64 | 0.0.3 | 3.45 | 40.62 | 44.07 | OK | |
r-release-macos-arm64 | 0.0.3 | 42.00 | OK | |||
r-release-macos-x86_64 | 0.0.3 | 96.00 | OK | |||
r-release-windows-x86_64 | 0.0.3 | 4.00 | 55.00 | 59.00 | OK | |
r-oldrel-macos-arm64 | 0.0.3 | 37.00 | ERROR | |||
r-oldrel-macos-x86_64 | 0.0.3 | 64.00 | ERROR | |||
r-oldrel-windows-x86_64 | 0.0.3 | 5.00 | 62.00 | 67.00 | OK |
Version: 0.0.3
Check: running R code from vignettes
Result: ERROR
Errors in running code in vignettes:
when running code in ‘Introduction_to_DTwrappers2.Rmd’
...
+ tidy = TRUE)
> devtools::load_all(".")
When sourcing ‘Introduction_to_DTwrappers2.R’:
Error: Could not find a root 'DESCRIPTION' file that starts with '^Package' in
'/private/var/folders/k4/0jwzxmln0nb8y6rkzprptb640000gq/T/Rtmp0k3H30/file13918669fd209/vignettes'.
ℹ Are you in your project directory and does your project have a 'DESCRIPTION'
file?
Execution halted
‘Introduction_to_DTwrappers2.Rmd’ using ‘UTF-8’... failed
Flavor: r-oldrel-macos-arm64
Version: 0.0.3
Check: running R code from vignettes
Result: ERROR
Errors in running code in vignettes:
when running code in ‘Introduction_to_DTwrappers2.Rmd’
...
+ tidy = TRUE)
> devtools::load_all(".")
When sourcing ‘Introduction_to_DTwrappers2.R’:
Error: Could not find a root 'DESCRIPTION' file that starts with '^Package' in
'/private/var/folders/2b/t0kwbtmn3p7brv2mvx39c9cr0000gn/T/RtmpTZY6lk/filed14e172c786c/vignettes'.
ℹ Are you in your project directory and does your project have a 'DESCRIPTION'
file?
Execution halted
‘Introduction_to_DTwrappers2.Rmd’ using ‘UTF-8’... failed
Flavor: r-oldrel-macos-x86_64