Last updated on 2024-06-16 11:57:54 CEST.
Flavor | Version | Tinstall | Tcheck | Ttotal | Status | Flags |
---|---|---|---|---|---|---|
r-devel-linux-x86_64-debian-clang | 0.1 | 15.12 | 121.95 | 137.07 | OK | |
r-devel-linux-x86_64-debian-gcc | 0.1 | 9.03 | 87.61 | 96.64 | OK | |
r-devel-linux-x86_64-fedora-clang | 0.1 | 168.17 | OK | |||
r-devel-linux-x86_64-fedora-gcc | 0.1 | 179.44 | OK | |||
r-devel-windows-x86_64 | 0.1 | 12.00 | 100.00 | 112.00 | OK | |
r-patched-linux-x86_64 | 0.1 | 10.59 | 114.04 | 124.63 | OK | |
r-release-linux-x86_64 | 0.1 | 8.54 | 114.91 | 123.45 | OK | |
r-release-macos-arm64 | 0.1 | 51.00 | OK | |||
r-release-macos-x86_64 | 0.1 | 80.00 | OK | |||
r-release-windows-x86_64 | 0.1 | 11.00 | 105.00 | 116.00 | NOTE | |
r-oldrel-macos-arm64 | 0.1 | 55.00 | OK | |||
r-oldrel-macos-x86_64 | 0.1 | 107.00 | OK | |||
r-oldrel-windows-x86_64 | 0.1 | 16.00 | 126.00 | 142.00 | OK |
Version: 0.1
Check: data for non-ASCII characters
Result: NOTE
Error loading dataset 'p_leaf': empty (zero-byte) input file
Call sequence:
3: stop("empty (zero-byte) input file")
2: load(file, envir = tmp_env)
1: utils::data(list = f, package = character(), envir = dataEnv)
...
Flavor: r-release-windows-x86_64