Last updated on 2024-06-30 00:59:12 CEST.
Flavor | Version | Tinstall | Tcheck | Ttotal | Status | Flags |
---|---|---|---|---|---|---|
r-devel-linux-x86_64-debian-clang | 1.2.14 | 79.10 | 27.84 | 106.94 | OK | |
r-devel-linux-x86_64-debian-gcc | 1.2.14 | 68.07 | 21.68 | 89.75 | OK | |
r-devel-linux-x86_64-fedora-clang | 1.2.14 | 189.16 | OK | |||
r-devel-linux-x86_64-fedora-gcc | 1.2.14 | 188.79 | OK | |||
r-devel-windows-x86_64 | 1.2.14 | 78.00 | 69.00 | 147.00 | OK | |
r-patched-linux-x86_64 | 1.2.14 | 83.47 | 26.92 | 110.39 | OK | |
r-release-linux-x86_64 | 1.2.14 | 79.99 | 27.11 | 107.10 | OK | |
r-release-macos-arm64 | 1.2.14 | 38.00 | NOTE | |||
r-release-macos-x86_64 | 1.2.14 | 62.00 | NOTE | |||
r-release-windows-x86_64 | 1.2.14 | 77.00 | 69.00 | 146.00 | OK | |
r-oldrel-macos-arm64 | 1.2.14 | 48.00 | NOTE | |||
r-oldrel-macos-x86_64 | 1.2.14 | 72.00 | NOTE | |||
r-oldrel-windows-x86_64 | 1.2.14 | 68.00 | 79.00 | 147.00 | OK |
Version: 1.2.14
Check: installed package size
Result: NOTE
installed size is 7.3Mb
sub-directories of 1Mb or more:
libs 7.2Mb
Flavors: r-release-macos-arm64, r-release-macos-x86_64, r-oldrel-macos-arm64, r-oldrel-macos-x86_64