Last updated on 2024-06-30 00:59:12 CEST.
Flavor | Version | Tinstall | Tcheck | Ttotal | Status | Flags |
---|---|---|---|---|---|---|
r-devel-linux-x86_64-debian-clang | 1.3.2 | 52.56 | 254.35 | 306.91 | OK | |
r-devel-linux-x86_64-debian-gcc | 1.3.2 | 33.74 | 189.32 | 223.06 | OK | |
r-devel-linux-x86_64-fedora-clang | 1.3.2 | 420.14 | NOTE | |||
r-devel-linux-x86_64-fedora-gcc | 1.3.2 | 418.83 | OK | |||
r-devel-windows-x86_64 | 1.3.2 | 41.00 | 218.00 | 259.00 | OK | |
r-patched-linux-x86_64 | 1.3.2 | 40.43 | 260.69 | 301.12 | OK | |
r-release-linux-x86_64 | 1.3.2 | 40.13 | 261.03 | 301.16 | OK | |
r-release-macos-arm64 | 1.3.2 | 83.00 | OK | |||
r-release-macos-x86_64 | 1.3.2 | 133.00 | OK | |||
r-release-windows-x86_64 | 1.3.2 | 41.00 | 219.00 | 260.00 | OK | |
r-oldrel-macos-arm64 | 1.3.2 | 86.00 | OK | |||
r-oldrel-macos-x86_64 | 1.3.2 | 222.00 | OK | |||
r-oldrel-windows-x86_64 | 1.3.2 | 50.00 | 248.00 | 298.00 | OK |
Version: 1.3.2
Check: Rd cross-references
Result: NOTE
Undeclared package ‘FCPS’ in Rd xrefs
Flavor: r-devel-linux-x86_64-fedora-clang