Last updated on 2024-06-16 11:57:54 CEST.
Flavor | Version | Tinstall | Tcheck | Ttotal | Status | Flags |
---|---|---|---|---|---|---|
r-devel-linux-x86_64-debian-clang | 1.9.7 | 9.96 | 60.31 | 70.27 | OK | |
r-devel-linux-x86_64-debian-gcc | 1.9.7 | 10.33 | 45.31 | 55.64 | OK | |
r-devel-linux-x86_64-fedora-clang | 1.9.7 | 96.37 | NOTE | |||
r-devel-linux-x86_64-fedora-gcc | 1.9.7 | 94.35 | NOTE | |||
r-devel-windows-x86_64 | 1.9.7 | 12.00 | 63.00 | 75.00 | OK | |
r-patched-linux-x86_64 | 1.9.7 | 13.35 | 57.66 | 71.01 | OK | |
r-release-linux-x86_64 | 1.9.7 | 12.24 | 58.14 | 70.38 | OK | |
r-release-macos-arm64 | 1.9.7 | 32.00 | OK | |||
r-release-macos-x86_64 | 1.9.7 | 42.00 | OK | |||
r-release-windows-x86_64 | 1.9.7 | 12.00 | 25.00 | 37.00 | FAIL | |
r-oldrel-macos-arm64 | 1.9.7 | 34.00 | OK | |||
r-oldrel-macos-x86_64 | 1.9.7 | 68.00 | OK | |||
r-oldrel-windows-x86_64 | 1.9.7 | 16.00 | 73.00 | 89.00 | OK |
Version: 1.9.7
Check: data for non-ASCII characters
Result: NOTE
Note: found 8 marked Latin-1 strings
Flavors: r-devel-linux-x86_64-fedora-clang, r-devel-linux-x86_64-fedora-gcc
Version: 1.9.7
Check: foreign function calls
Result: NOTE
Fatal error: couldn't allocate node stack
See chapter 'System and foreign language interfaces' in the 'Writing R
Extensions' manual.
Flavor: r-release-windows-x86_64
Version: 1.9.7
Check: R code for possible problems
Result: FAIL
Flavor: r-release-windows-x86_64