Last updated on 2024-06-30 00:59:12 CEST.
Flavor | Version | Tinstall | Tcheck | Ttotal | Status | Flags |
---|---|---|---|---|---|---|
r-devel-linux-x86_64-debian-clang | 0.4.0 | 3.97 | 42.45 | 46.42 | OK | |
r-devel-linux-x86_64-debian-gcc | 0.4.0 | 4.19 | 30.66 | 34.85 | OK | |
r-devel-linux-x86_64-fedora-clang | 0.4.0 | 58.68 | NOTE | |||
r-devel-linux-x86_64-fedora-gcc | 0.4.0 | 55.18 | NOTE | |||
r-devel-windows-x86_64 | 0.4.0 | 7.00 | 56.00 | 63.00 | OK | |
r-patched-linux-x86_64 | 0.4.0 | 6.46 | 39.34 | 45.80 | OK | |
r-release-linux-x86_64 | 0.4.0 | 6.02 | 41.38 | 47.40 | OK | |
r-release-macos-arm64 | 0.4.0 | 22.00 | OK | |||
r-release-macos-x86_64 | 0.4.0 | 31.00 | OK | |||
r-release-windows-x86_64 | 0.4.0 | 6.00 | 57.00 | 63.00 | OK | |
r-oldrel-macos-arm64 | 0.4.0 | 25.00 | OK | |||
r-oldrel-macos-x86_64 | 0.4.0 | 38.00 | OK | |||
r-oldrel-windows-x86_64 | 0.4.0 | 7.00 | 63.00 | 70.00 | OK |
Version: 0.4.0
Check: dependencies in R code
Result: NOTE
Namespaces in Imports field not imported from:
‘dplyr’ ‘rlang’
All declared Imports should be used.
Flavors: r-devel-linux-x86_64-fedora-clang, r-devel-linux-x86_64-fedora-gcc