Last updated on 2024-06-30 00:59:13 CEST.
Flavor | Version | Tinstall | Tcheck | Ttotal | Status | Flags |
---|---|---|---|---|---|---|
r-devel-linux-x86_64-debian-clang | 1.0 | 6.72 | 66.70 | 73.42 | NOTE | |
r-devel-linux-x86_64-debian-gcc | 1.0 | 6.41 | 49.69 | 56.10 | NOTE | |
r-devel-linux-x86_64-fedora-clang | 1.0 | 89.23 | NOTE | |||
r-devel-linux-x86_64-fedora-gcc | 1.0 | 86.56 | NOTE | |||
r-devel-windows-x86_64 | 1.0 | 7.00 | 62.00 | 69.00 | NOTE | |
r-patched-linux-x86_64 | 1.0 | 7.42 | 61.83 | 69.25 | NOTE | |
r-release-linux-x86_64 | 1.0 | 6.70 | 65.53 | 72.23 | NOTE | |
r-release-macos-arm64 | 1.0 | 29.00 | NOTE | |||
r-release-macos-x86_64 | 1.0 | 43.00 | NOTE | |||
r-release-windows-x86_64 | 1.0 | 7.00 | 63.00 | 70.00 | NOTE | |
r-oldrel-macos-arm64 | 1.0 | 30.00 | NOTE | |||
r-oldrel-macos-x86_64 | 1.0 | 50.00 | NOTE | |||
r-oldrel-windows-x86_64 | 1.0 | 7.00 | 77.00 | 84.00 | NOTE |
Version: 1.0
Check: LazyData
Result: NOTE
'LazyData' is specified without a 'data' directory
Flavors: r-devel-linux-x86_64-debian-clang, r-devel-linux-x86_64-debian-gcc, r-devel-linux-x86_64-fedora-clang, r-devel-linux-x86_64-fedora-gcc, r-devel-windows-x86_64, r-patched-linux-x86_64, r-release-linux-x86_64, r-release-macos-arm64, r-release-macos-x86_64, r-release-windows-x86_64, r-oldrel-macos-arm64, r-oldrel-macos-x86_64, r-oldrel-windows-x86_64